CRAN Package Check Results for Package RCzechia

Last updated on 2020-01-25 08:50:09 CET.

Flavor Version Tinstall Tcheck Ttotal Status Flags
r-devel-linux-x86_64-debian-clang 1.4.5 5.80 276.73 282.53 ERROR
r-devel-linux-x86_64-debian-gcc 1.4.5 4.59 191.35 195.94 OK
r-devel-linux-x86_64-fedora-clang 1.4.5 355.01 OK
r-devel-linux-x86_64-fedora-gcc 1.4.5 321.31 OK
r-devel-windows-ix86+x86_64 1.4.5 18.00 384.00 402.00 OK
r-devel-windows-ix86+x86_64-gcc8 1.4.3 15.00 381.00 396.00 OK
r-patched-linux-x86_64 1.4.5 4.83 265.02 269.85 OK
r-patched-solaris-x86 1.4.5 553.20 OK
r-release-linux-x86_64 1.4.5 4.33 264.57 268.90 OK
r-release-windows-ix86+x86_64 1.4.5 10.00 327.00 337.00 OK
r-release-osx-x86_64 1.4.5 OK
r-oldrel-windows-ix86+x86_64 1.4.5 16.00 406.00 422.00 OK
r-oldrel-osx-x86_64 1.4.5 OK

Check Details

Version: 1.4.5
Check: examples
Result: ERROR
    Running examples in 'RCzechia-Ex.R' failed
    The error most likely occurred in:
    
    > base::assign(".ptime", proc.time(), pos = "CheckExEnv")
    > ### Name: geocode
    > ### Title: Geocode a Czech Address
    > ### Aliases: geocode
    >
    > ### ** Examples
    >
    > <ERROR: re-encoding failure from encoding 'UTF-8'>
    asdf <- geocode("Pod sídlišt...
    + print(asdf)
    +
    +
    +
    + base::assign(".dptime", (proc.time() - get(".ptime", pos = "CheckExEnv")), pos = "CheckExEnv")
    Error: unexpected symbol in:
    "
    base::assign(".dptime"
    Execution halted
Flavor: r-devel-linux-x86_64-debian-clang