CRAN Package Check Results for Package RCzechia

Last updated on 2019-08-23 10:48:22 CEST.

Flavor Version Tinstall Tcheck Ttotal Status Flags
r-devel-linux-x86_64-debian-clang 1.4.2 2.44 122.42 124.86 ERROR
r-devel-linux-x86_64-debian-gcc 1.4.2 2.32 91.22 93.54 OK
r-devel-linux-x86_64-fedora-clang 1.4.2 157.23 OK
r-devel-linux-x86_64-fedora-gcc 1.4.2 149.13 OK
r-devel-windows-ix86+x86_64 1.4.2 7.00 194.00 201.00 OK
r-patched-linux-x86_64 1.4.2 2.45 119.69 122.14 OK
r-patched-solaris-x86 1.4.2 281.90 OK
r-release-linux-x86_64 1.4.2 1.95 116.53 118.48 OK
r-release-windows-ix86+x86_64 1.4.1 8.00 219.00 227.00 OK
r-release-osx-x86_64 1.4.2 OK
r-oldrel-windows-ix86+x86_64 1.4.2 6.00 250.00 256.00 OK
r-oldrel-osx-x86_64 1.4.2 OK

Check Details

Version: 1.4.2
Check: examples
Result: ERROR
    Running examples in 'RCzechia-Ex.R' failed
    The error most likely occurred in:
    
    > base::assign(".ptime", proc.time(), pos = "CheckExEnv")
    > ### Name: geocode
    > ### Title: Geocode a Czech Address
    > ### Aliases: geocode
    >
    > ### ** Examples
    >
    > <ERROR: re-encoding failure from encoding 'UTF-8'>
    asdf <- geocode("Pod sídlišt...
    + print(asdf)
    +
    +
    +
    +
    + base::assign(".dptime", (proc.time() - get(".ptime", pos = "CheckExEnv")), pos = "CheckExEnv")
    Error: unexpected symbol in:
    "
    base::assign(".dptime"
    Execution halted
Flavor: r-devel-linux-x86_64-debian-clang