Last updated on 2022-08-16 21:52:45 CEST.
Flavor | Version | Tinstall | Tcheck | Ttotal | Status | Flags |
---|---|---|---|---|---|---|
r-devel-linux-x86_64-debian-clang | 1.98-1.8 | 19.26 | 51.68 | 70.94 | NOTE | |
r-devel-linux-x86_64-debian-gcc | 1.98-1.8 | 16.69 | 40.24 | 56.93 | NOTE | |
r-devel-linux-x86_64-fedora-clang | 1.98-1.8 | 98.40 | NOTE | |||
r-devel-linux-x86_64-fedora-gcc | 1.98-1.8 | 100.62 | NOTE | |||
r-devel-windows-x86_64 | 1.98-1.8 | 55.00 | 142.00 | 197.00 | NOTE | |
r-patched-linux-x86_64 | 1.98-1.8 | 19.45 | 51.00 | 70.45 | NOTE | |
r-release-linux-x86_64 | 1.98-1.8 | 17.48 | 51.16 | 68.64 | NOTE | |
r-release-macos-arm64 | 1.98-1.8 | 72.00 | NOTE | |||
r-release-macos-x86_64 | 1.98-1.8 | 93.00 | NOTE | |||
r-release-windows-x86_64 | 1.98-1.8 | 25.00 | 92.00 | 117.00 | NOTE | |
r-oldrel-macos-arm64 | 1.98-1.8 | 67.00 | NOTE | |||
r-oldrel-macos-x86_64 | 1.98-1.8 | 102.00 | NOTE | |||
r-oldrel-windows-ix86+x86_64 | 1.98-1.8 | 33.00 | 97.00 | 130.00 | NOTE |
Version: 1.98-1.8
Check: for GNU extensions in Makefiles
Result: NOTE
GNU make is a SystemRequirements.
Flavors: r-devel-linux-x86_64-debian-clang, r-devel-linux-x86_64-debian-gcc, r-devel-linux-x86_64-fedora-clang, r-devel-linux-x86_64-fedora-gcc, r-devel-windows-x86_64, r-patched-linux-x86_64, r-release-linux-x86_64, r-release-macos-arm64, r-release-macos-x86_64, r-release-windows-x86_64, r-oldrel-macos-arm64, r-oldrel-macos-x86_64, r-oldrel-windows-ix86+x86_64
Version: 1.98-1.8
Check: installed package size
Result: NOTE
installed size is 8.3Mb
sub-directories of 1Mb or more:
libs 6.3Mb
Flavors: r-devel-windows-x86_64, r-release-windows-x86_64, r-oldrel-windows-ix86+x86_64