CRAN Package Check Results for Package RClimacell

Last updated on 2021-09-22 08:50:25 CEST.

Flavor Version Tinstall Tcheck Ttotal Status Flags
r-devel-linux-x86_64-debian-clang 0.1.4 5.59 52.92 58.51 NOTE
r-devel-linux-x86_64-debian-gcc 0.1.4 4.85 40.00 44.85 NOTE
r-devel-linux-x86_64-fedora-clang 0.1.4 79.63 NOTE
r-devel-linux-x86_64-fedora-gcc 0.1.4 66.79 NOTE
r-devel-windows-x86_64 0.1.4 7.00 58.00 65.00 NOTE
r-devel-windows-x86_64-gcc10-UCRT 0.1.4 ERROR
r-patched-linux-x86_64 0.1.4 5.16 50.68 55.84 NOTE
r-patched-solaris-x86 0.1.4 97.60 NOTE
r-release-linux-x86_64 0.1.4 5.51 50.57 56.08 NOTE
r-release-macos-arm64 0.1.4 NOTE
r-release-macos-x86_64 0.1.4 NOTE
r-release-windows-ix86+x86_64 0.1.4 13.00 74.00 87.00 NOTE
r-oldrel-macos-x86_64 0.1.4 OK
r-oldrel-windows-ix86+x86_64 0.1.4 11.00 50.00 61.00 OK

Check Details

Version: 0.1.4
Check: LazyData
Result: NOTE
     'LazyData' is specified without a 'data' directory
Flavors: r-devel-linux-x86_64-debian-clang, r-devel-linux-x86_64-debian-gcc, r-devel-linux-x86_64-fedora-clang, r-devel-linux-x86_64-fedora-gcc, r-devel-windows-x86_64, r-devel-windows-x86_64-gcc10-UCRT, r-patched-linux-x86_64, r-patched-solaris-x86, r-release-linux-x86_64, r-release-macos-arm64, r-release-macos-x86_64, r-release-windows-ix86+x86_64

Version: 0.1.4
Check: PDF version of manual
Result: WARN
    LaTeX errors when creating PDF version.
    This typically indicates Rd problems.
Flavor: r-devel-windows-x86_64-gcc10-UCRT

Version: 0.1.4
Check: PDF version of manual without hyperrefs or index
Result: ERROR
    Re-running with no redirection of stdout/stderr.
Flavor: r-devel-windows-x86_64-gcc10-UCRT