CRAN Package Check Results for Package RCPA

Last updated on 2024-02-26 19:50:19 CET.

Flavor Version Tinstall Tcheck Ttotal Status Flags
r-devel-linux-x86_64-debian-clang 0.2.1 52.44 440.85 493.29 OK
r-devel-linux-x86_64-debian-gcc 0.2.1 42.62 326.54 369.16 OK
r-devel-linux-x86_64-fedora-clang 0.2.1 611.66 OK
r-devel-linux-x86_64-fedora-gcc 0.2.1 618.33 OK
r-devel-windows-x86_64 0.2.1 45.00 314.00 359.00 OK
r-patched-linux-x86_64 0.2.1 37.94 426.41 464.35 OK
r-release-linux-x86_64 0.2.1 35.93 420.27 456.20 OK
r-release-macos-arm64 0.2.1 154.00 NOTE
r-release-macos-x86_64 0.2.1 353.00 NOTE
r-release-windows-x86_64 0.2.1 61.00 412.00 473.00 OK
r-oldrel-macos-arm64 0.2.1 147.00 NOTE
r-oldrel-windows-x86_64 0.2.1 55.00 390.00 445.00 OK

Additional issues

donttest

Check Details

Version: 0.2.1
Check: package dependencies
Result: NOTE Packages suggested but not available for checking: 'ROntoTools', 'hgu133plus2.db', 'oligo' Flavors: r-release-macos-arm64, r-release-macos-x86_64

Version: 0.2.1
Check: package dependencies
Result: NOTE Packages suggested but not available for checking: 'ROntoTools', 'oligo' Flavor: r-oldrel-macos-arm64