CRAN Package Check Results for Package RCGLS

Last updated on 2024-02-26 19:50:19 CET.

Flavor Version Tinstall Tcheck Ttotal Status Flags
r-devel-linux-x86_64-debian-clang 1.0.3 31.12 291.84 322.96 NOTE
r-devel-linux-x86_64-debian-gcc 1.0.3 23.00 212.69 235.69 NOTE
r-devel-linux-x86_64-fedora-clang 1.0.3 383.87 NOTE
r-devel-linux-x86_64-fedora-gcc 1.0.3 401.29 NOTE
r-devel-windows-x86_64 1.0.3 25.00 175.00 200.00 NOTE
r-patched-linux-x86_64 1.0.3 28.01 279.22 307.23 NOTE
r-release-linux-x86_64 1.0.3 23.47 276.89 300.36 NOTE
r-release-macos-arm64 1.0.3 88.00 NOTE
r-release-macos-x86_64 1.0.3 165.00 NOTE
r-release-windows-x86_64 1.0.3 32.00 240.00 272.00 NOTE
r-oldrel-macos-arm64 1.0.3 67.00 NOTE
r-oldrel-windows-x86_64 1.0.3 32.00 226.00 258.00 NOTE

Check Details

Version: 1.0.3
Check: Rd files
Result: NOTE checkRd: (-1) nc_open_CGLS.Rd:29-32: Lost braces 29 | if(resolution == "300m"){ | ^ checkRd: (-1) nc_open_CGLS.Rd:33-36: Lost braces 33 | if(resolution == "1km"){ | ^ Flavors: r-devel-linux-x86_64-debian-clang, r-devel-linux-x86_64-debian-gcc, r-devel-linux-x86_64-fedora-clang, r-devel-linux-x86_64-fedora-gcc

Version: 1.0.3
Check: LazyData
Result: NOTE 'LazyData' is specified without a 'data' directory Flavors: r-devel-linux-x86_64-debian-clang, r-devel-linux-x86_64-debian-gcc, r-devel-linux-x86_64-fedora-clang, r-devel-linux-x86_64-fedora-gcc, r-devel-windows-x86_64, r-patched-linux-x86_64, r-release-linux-x86_64, r-release-macos-arm64, r-release-macos-x86_64, r-release-windows-x86_64, r-oldrel-macos-arm64, r-oldrel-windows-x86_64