CRAN Package Check Results for Package RCA

Last updated on 2020-07-14 09:50:45 CEST.

Flavor Version Tinstall Tcheck Ttotal Status Flags
r-devel-linux-x86_64-debian-clang 2.0 2.05 26.29 28.34 OK
r-devel-linux-x86_64-debian-gcc 2.0 1.99 20.82 22.81 OK
r-devel-linux-x86_64-fedora-clang 2.0 44.87 OK
r-devel-linux-x86_64-fedora-gcc 2.0 35.76 OK
r-devel-windows-ix86+x86_64 2.0 12.00 49.00 61.00 OK
r-patched-linux-x86_64 2.0 2.74 26.18 28.92 OK
r-patched-solaris-x86 2.0 62.70 OK
r-release-linux-x86_64 2.0 2.53 26.20 28.73 OK
r-release-macos-x86_64 2.0 ERROR
r-release-windows-ix86+x86_64 2.0 9.00 39.00 48.00 OK
r-oldrel-macos-x86_64 2.0 OK
r-oldrel-windows-ix86+x86_64 2.0 7.00 52.00 59.00 OK

Check Details

Version: 2.0
Check: whether package can be installed
Result: ERROR
    Installation failed.
Flavor: r-release-macos-x86_64