CRAN Package Check Results for Package RBtest

Last updated on 2021-12-06 19:50:49 CET.

Flavor Version Tinstall Tcheck Ttotal Status Flags
r-devel-linux-x86_64-debian-clang 1.1 5.80 62.52 68.32 NOTE
r-devel-linux-x86_64-debian-gcc 1.1 5.16 47.16 52.32 NOTE
r-devel-linux-x86_64-fedora-clang 1.1 84.17 NOTE
r-devel-linux-x86_64-fedora-gcc 1.1 72.01 NOTE
r-devel-windows-x86_64-new-UL 1.1 12.00 97.00 109.00 NOTE
r-devel-windows-x86_64-new-TK 1.1 NOTE
r-devel-windows-x86_64-old 1.1 13.00 59.00 72.00 NOTE
r-patched-linux-x86_64 1.1 6.18 50.58 56.76 NOTE
r-release-linux-x86_64 1.1 4.97 57.88 62.85 NOTE
r-release-macos-arm64 1.1 NOTE
r-release-macos-x86_64 1.1 NOTE
r-release-windows-ix86+x86_64 1.1 16.00 75.00 91.00 NOTE
r-oldrel-macos-x86_64 1.1 OK
r-oldrel-windows-ix86+x86_64 1.1 15.00 75.00 90.00 OK

Check Details

Version: 1.1
Check: LazyData
Result: NOTE
     'LazyData' is specified without a 'data' directory
Flavors: r-devel-linux-x86_64-debian-clang, r-devel-linux-x86_64-debian-gcc, r-devel-linux-x86_64-fedora-clang, r-devel-linux-x86_64-fedora-gcc, r-devel-windows-x86_64-new-UL, r-devel-windows-x86_64-new-TK, r-devel-windows-x86_64-old, r-patched-linux-x86_64, r-release-linux-x86_64, r-release-macos-arm64, r-release-macos-x86_64, r-release-windows-ix86+x86_64