CRAN Package Check Results for Package RBesT

Last updated on 2024-02-26 19:50:19 CET.

Flavor Version Tinstall Tcheck Ttotal Status Flags
r-devel-linux-x86_64-debian-clang 1.7-3 221.42 258.47 479.89 NOTE
r-devel-linux-x86_64-debian-gcc 1.7-3 199.73 199.58 399.31 NOTE
r-devel-linux-x86_64-fedora-clang 1.7-3 579.49 NOTE
r-devel-linux-x86_64-fedora-gcc 1.7-3 689.23 NOTE
r-devel-windows-x86_64 1.7-3 167.00 227.00 394.00 NOTE
r-patched-linux-x86_64 1.7-3 185.03 261.47 446.50 NOTE
r-release-linux-x86_64 1.7-3 0.05 2.68 2.73 ERROR
r-release-macos-arm64 1.7-3 130.00 NOTE
r-release-macos-x86_64 1.7-3 326.00 NOTE
r-release-windows-x86_64 1.7-3 216.00 293.00 509.00 NOTE
r-oldrel-macos-arm64 1.7-3 132.00 NOTE
r-oldrel-windows-x86_64 1.7-3 199.00 281.00 480.00 NOTE

Check Details

Version: 1.7-3
Check: for GNU extensions in Makefiles
Result: NOTE GNU make is a SystemRequirements. Flavors: r-devel-linux-x86_64-debian-clang, r-devel-linux-x86_64-debian-gcc, r-devel-linux-x86_64-fedora-clang, r-devel-linux-x86_64-fedora-gcc, r-devel-windows-x86_64, r-patched-linux-x86_64, r-release-macos-arm64, r-release-macos-x86_64, r-release-windows-x86_64, r-oldrel-macos-arm64, r-oldrel-windows-x86_64

Version: 1.7-3
Check: whether package can be installed
Result: ERROR Installation failed. Flavor: r-release-linux-x86_64

Version: 1.7-3
Check: installed package size
Result: NOTE installed size is 57.1Mb sub-directories of 1Mb or more: libs 55.1Mb Flavors: r-release-macos-arm64, r-release-macos-x86_64, r-oldrel-macos-arm64