CRAN Package Check Results for Package RBaseX

Last updated on 2023-09-27 21:01:32 CEST.

Flavor Version Tinstall Tcheck Ttotal Status Flags
r-devel-linux-x86_64-debian-clang 1.1.2 9.51 61.36 70.87 OK
r-devel-linux-x86_64-debian-gcc 1.1.2 7.64 45.97 53.61 OK
r-devel-linux-x86_64-fedora-clang 1.1.2 91.59 NOTE
r-devel-linux-x86_64-fedora-gcc 1.1.2 89.40 NOTE
r-devel-windows-x86_64 1.1.2 10.00 104.00 114.00 OK
r-patched-linux-x86_64 1.1.2 8.89 57.87 66.76 OK
r-release-linux-x86_64 1.1.2 8.02 58.13 66.15 OK
r-release-macos-arm64 1.1.2 31.00 OK
r-release-macos-x86_64 1.1.2 45.00 OK
r-release-windows-x86_64 1.1.2 11.00 126.00 137.00 OK
r-oldrel-macos-arm64 1.1.2 28.00 NOTE
r-oldrel-macos-x86_64 1.1.2 41.00 NOTE
r-oldrel-windows-x86_64 1.1.2 11.00 109.00 120.00 OK

Check Details

Version: 1.1.2
Check: dependencies in R code
Result: NOTE
    Namespace in Imports field not imported from: ‘rex’
     All declared Imports should be used.
Flavors: r-devel-linux-x86_64-fedora-clang, r-devel-linux-x86_64-fedora-gcc, r-oldrel-macos-arm64, r-oldrel-macos-x86_64