CRAN Package Check Results for Package RBNZ

Last updated on 2021-12-07 19:49:55 CET.

Flavor Version Tinstall Tcheck Ttotal Status Flags
r-devel-linux-x86_64-debian-clang 1.1.0 4.60 47.67 52.27 NOTE
r-devel-linux-x86_64-debian-gcc 1.1.0 3.85 37.58 41.43 NOTE
r-devel-linux-x86_64-fedora-clang 1.1.0 66.50 NOTE
r-devel-linux-x86_64-fedora-gcc 1.1.0 55.57 NOTE
r-devel-windows-x86_64-new-UL 1.1.0 19.00 85.00 104.00 NOTE
r-devel-windows-x86_64-new-TK 1.1.0 NOTE
r-devel-windows-x86_64-old 1.1.0 9.00 74.00 83.00 NOTE
r-patched-linux-x86_64 1.1.0 5.22 46.23 51.45 NOTE
r-release-linux-x86_64 1.1.0 4.78 46.21 50.99 NOTE
r-release-macos-arm64 1.1.0 NOTE
r-release-macos-x86_64 1.1.0 NOTE
r-release-windows-ix86+x86_64 1.1.0 8.00 44.00 52.00 NOTE
r-oldrel-macos-x86_64 1.1.0 OK
r-oldrel-windows-ix86+x86_64 1.1.0 12.00 68.00 80.00 OK

Check Details

Version: 1.1.0
Check: LazyData
Result: NOTE
     'LazyData' is specified without a 'data' directory
Flavors: r-devel-linux-x86_64-debian-clang, r-devel-linux-x86_64-debian-gcc, r-devel-linux-x86_64-fedora-clang, r-devel-linux-x86_64-fedora-gcc, r-devel-windows-x86_64-new-UL, r-devel-windows-x86_64-new-TK, r-devel-windows-x86_64-old, r-patched-linux-x86_64, r-release-linux-x86_64, r-release-macos-arm64, r-release-macos-x86_64, r-release-windows-ix86+x86_64