CRAN Package Check Results for Package RBF

Last updated on 2021-09-20 20:49:01 CEST.

Flavor Version Tinstall Tcheck Ttotal Status Flags
r-devel-linux-x86_64-debian-clang 2.1.0 4.39 255.92 260.31 OK
r-devel-linux-x86_64-debian-gcc 2.1.0 3.28 218.78 222.06 OK
r-devel-linux-x86_64-fedora-clang 2.1.0 305.96 OK
r-devel-linux-x86_64-fedora-gcc 2.1.0 445.46 OK
r-devel-windows-x86_64 2.1.0 8.00 330.00 338.00 OK
r-devel-windows-x86_64-gcc10-UCRT 2.1.0 ERROR
r-patched-linux-x86_64 2.1.0 3.88 362.49 366.37 OK
r-patched-solaris-x86 2.1.0 63.60 OK
r-release-linux-x86_64 2.1.0 4.12 361.27 365.39 OK
r-release-macos-arm64 2.1.0 OK
r-release-macos-x86_64 2.1.0 OK
r-release-windows-ix86+x86_64 2.1.0 11.00 382.00 393.00 OK
r-oldrel-macos-x86_64 2.1.0 OK
r-oldrel-windows-ix86+x86_64 2.1.0 12.00 379.00 391.00 OK

Check Details

Version: 2.1.0
Check: whether package can be installed
Result: ERROR
    Installation failed.
Flavor: r-devel-windows-x86_64-gcc10-UCRT