CRAN Package Check Results for Package RADstackshelpR

Last updated on 2021-11-28 19:49:01 CET.

Flavor Version Tinstall Tcheck Ttotal Status Flags
r-devel-linux-x86_64-debian-clang 0.1.0 OK
r-devel-linux-x86_64-debian-gcc 0.1.0 1.97 29.72 31.69 OK
r-devel-linux-x86_64-fedora-clang 0.1.0 60.24 NOTE
r-devel-linux-x86_64-fedora-gcc 0.1.0 48.38 NOTE
r-devel-windows-x86_64-new-UL 0.1.0 9.00 79.00 88.00 OK
r-devel-windows-x86_64-new-TK 0.1.0 NOTE
r-devel-windows-x86_64-old 0.1.0 5.00 47.00 52.00 OK
r-patched-linux-x86_64 0.1.0 2.69 35.33 38.02 OK
r-patched-solaris-x86 0.1.0 59.60 NOTE
r-release-linux-x86_64 0.1.0 2.21 35.46 37.67 OK
r-release-macos-arm64 0.1.0 NOTE
r-release-macos-x86_64 0.1.0 NOTE
r-release-windows-ix86+x86_64 0.1.0 6.00 60.00 66.00 OK
r-oldrel-macos-x86_64 0.1.0 NOTE
r-oldrel-windows-ix86+x86_64 0.1.0 14.00 58.00 72.00 OK

Check Details

Version: 0.1.0
Check: dependencies in R code
Result: NOTE
    Namespace in Imports field not imported from: ‘gridExtra’
     All declared Imports should be used.
Flavors: r-devel-linux-x86_64-fedora-clang, r-devel-linux-x86_64-fedora-gcc, r-devel-windows-x86_64-new-TK, r-patched-solaris-x86, r-release-macos-arm64, r-release-macos-x86_64, r-oldrel-macos-x86_64