CRAN Package Check Results for Package RABR

Last updated on 2022-05-17 21:50:55 CEST.

Flavor Version Tinstall Tcheck Ttotal Status Flags
r-devel-linux-x86_64-debian-clang 0.1.0 3.06 57.71 60.77 OK
r-devel-linux-x86_64-debian-gcc 0.1.0 2.25 43.12 45.37 OK
r-devel-linux-x86_64-fedora-clang 0.1.0 67.08 NOTE
r-devel-linux-x86_64-fedora-gcc 0.1.0 70.17 NOTE
r-devel-windows-x86_64 0.1.0 12.00 560.00 572.00 OK
r-patched-linux-x86_64 0.1.0 2.93 54.83 57.76 OK
r-release-linux-x86_64 0.1.0 2.71 54.37 57.08 OK
r-release-macos-arm64 0.1.0 207.00 NOTE
r-release-macos-x86_64 0.1.0 292.00 NOTE
r-release-windows-x86_64 0.1.0 10.00 540.00 550.00 OK
r-oldrel-macos-arm64 0.1.0 238.00 NOTE
r-oldrel-macos-x86_64 0.1.0 195.00 NOTE
r-oldrel-windows-ix86+x86_64 0.1.0 9.00 602.00 611.00 OK

Check Details

Version: 0.1.0
Check: dependencies in R code
Result: NOTE
    Namespaces in Imports field not imported from:
     ‘asd’ ‘cubature’ ‘data.table’ ‘ggplot2’ ‘multxpert’ ‘survival’
     All declared Imports should be used.
Flavors: r-devel-linux-x86_64-fedora-clang, r-devel-linux-x86_64-fedora-gcc, r-release-macos-arm64, r-release-macos-x86_64, r-oldrel-macos-arm64, r-oldrel-macos-x86_64