CRAN Package Check Results for Package R62S3

Last updated on 2023-10-03 09:08:26 CEST.

Flavor Version Tinstall Tcheck Ttotal Status Flags
r-devel-linux-x86_64-debian-clang 1.4.1 1.91 25.83 27.74 NOTE
r-devel-linux-x86_64-debian-gcc 1.4.1 1.73 20.05 21.78 NOTE
r-devel-linux-x86_64-fedora-clang 1.4.1 34.49 NOTE
r-devel-linux-x86_64-fedora-gcc 1.4.1 33.08 NOTE
r-devel-windows-x86_64 1.4.1 4.00 43.00 47.00 NOTE
r-patched-linux-x86_64 1.4.1 2.21 23.85 26.06 NOTE
r-release-linux-x86_64 1.4.1 2.24 23.76 26.00 NOTE
r-release-macos-arm64 1.4.1 19.00 NOTE
r-release-macos-x86_64 1.4.1 20.00 NOTE
r-release-windows-x86_64 1.4.1 3.00 41.00 44.00 NOTE
r-oldrel-macos-arm64 1.4.1 18.00 NOTE
r-oldrel-macos-x86_64 1.4.1 22.00 NOTE
r-oldrel-windows-x86_64 1.4.1 4.00 44.00 48.00 NOTE

Check Details

Version: 1.4.1
Check: LazyData
Result: NOTE
     'LazyData' is specified without a 'data' directory
Flavors: r-devel-linux-x86_64-debian-clang, r-devel-linux-x86_64-debian-gcc, r-devel-linux-x86_64-fedora-clang, r-devel-linux-x86_64-fedora-gcc, r-devel-windows-x86_64, r-patched-linux-x86_64, r-release-linux-x86_64, r-release-macos-arm64, r-release-macos-x86_64, r-release-windows-x86_64, r-oldrel-macos-arm64, r-oldrel-macos-x86_64, r-oldrel-windows-x86_64