CRAN Package Check Results for Package R2MLwiN

Last updated on 2021-11-29 07:51:19 CET.

Flavor Version Tinstall Tcheck Ttotal Status Flags
r-devel-linux-x86_64-debian-clang 0.8-7 OK
r-devel-linux-x86_64-debian-gcc 0.8-7 48.76 141.06 189.82 OK
r-devel-linux-x86_64-fedora-clang 0.8-7 316.91 NOTE
r-devel-linux-x86_64-fedora-gcc 0.8-7 299.24 OK
r-devel-windows-x86_64-new-UL 0.8-7 99.00 232.00 331.00 OK
r-devel-windows-x86_64-new-TK 0.8-7 OK
r-devel-windows-x86_64-old 0.8-7 78.00 167.00 245.00 OK
r-patched-linux-x86_64 0.8-7 57.86 179.84 237.70 OK
r-release-linux-x86_64 0.8-7 47.31 179.53 226.84 OK
r-release-macos-arm64 0.8-7 OK
r-release-macos-x86_64 0.8-7 OK
r-release-windows-ix86+x86_64 0.8-7 101.00 219.00 320.00 OK
r-oldrel-macos-x86_64 0.8-7 OK
r-oldrel-windows-ix86+x86_64 0.8-7 69.00 218.00 287.00 OK

Check Details

Version: 0.8-7
Check: Rd cross-references
Result: NOTE
    Undeclared package ‘generics’ in Rd xrefs
Flavor: r-devel-linux-x86_64-fedora-clang