CRAN Package Check Results for Package R.methodsS3

Last updated on 2020-08-04 21:48:24 CEST.

Flavor Version Tinstall Tcheck Ttotal Status Flags
r-devel-linux-x86_64-debian-clang 1.8.0 2.49 25.06 27.55 OK
r-devel-linux-x86_64-debian-gcc 1.8.0 1.99 19.70 21.69 OK
r-devel-linux-x86_64-fedora-clang 1.8.0 41.26 NOTE
r-devel-linux-x86_64-fedora-gcc 1.8.0 32.27 OK
r-devel-windows-ix86+x86_64 1.8.0 9.00 41.00 50.00 OK
r-patched-linux-x86_64 1.8.0 2.38 25.04 27.42 OK
r-patched-solaris-x86 1.8.0 48.90 OK
r-release-linux-x86_64 1.8.0 2.64 24.82 27.46 OK
r-release-macos-x86_64 1.8.0 OK
r-release-windows-ix86+x86_64 1.8.0 7.00 36.00 43.00 OK
r-oldrel-macos-x86_64 1.8.0 OK
r-oldrel-windows-ix86+x86_64 1.8.0 4.00 35.00 39.00 OK

Check Details

Version: 1.8.0
Check: Rd cross-references
Result: NOTE
    Undeclared package ‘R.oo’ in Rd xrefs
Flavor: r-devel-linux-x86_64-fedora-clang