Last updated on 2022-05-16 21:50:28 CEST.
Flavor | Version | Tinstall | Tcheck | Ttotal | Status | Flags |
---|---|---|---|---|---|---|
r-devel-linux-x86_64-debian-clang | 0.1.3 | 0.56 | 12.43 | 12.99 | ERROR | |
r-devel-linux-x86_64-debian-gcc | 0.1.3 | 0.28 | 9.99 | 10.27 | ERROR | |
r-devel-linux-x86_64-fedora-clang | 0.1.3 | 13.76 | ERROR | |||
r-devel-linux-x86_64-fedora-gcc | 0.1.3 | 13.81 | ERROR | |||
r-devel-windows-x86_64 | 0.1.3 | 30.00 | 88.00 | 118.00 | OK | |
r-patched-linux-x86_64 | 0.1.3 | 4.60 | 69.36 | 73.96 | NOTE | |
r-release-linux-x86_64 | 0.1.3 | 4.61 | 67.22 | 71.83 | NOTE | |
r-release-macos-arm64 | 0.1.3 | 28.00 | OK | |||
r-release-macos-x86_64 | 0.1.3 | 39.00 | OK | |||
r-release-windows-x86_64 | 0.1.3 | 38.00 | 89.00 | 127.00 | OK | |
r-oldrel-macos-arm64 | 0.1.3 | 27.00 | OK | |||
r-oldrel-macos-x86_64 | 0.1.3 | 38.00 | OK | |||
r-oldrel-windows-ix86+x86_64 | 0.1.3 | 12.00 | 85.00 | 97.00 | OK |
Version: 0.1.3
Check: package dependencies
Result: ERROR
Package required but not available: 'SNPRelate'
Package suggested but not available for checking: 'gdalUtils'
See section 'The DESCRIPTION file' in the 'Writing R Extensions'
manual.
Flavors: r-devel-linux-x86_64-debian-clang, r-devel-linux-x86_64-debian-gcc, r-devel-linux-x86_64-fedora-clang, r-devel-linux-x86_64-fedora-gcc
Version: 0.1.3
Check: package dependencies
Result: NOTE
Package suggested but not available for checking: ‘gdalUtils’
Flavors: r-patched-linux-x86_64, r-release-linux-x86_64