CRAN Package Check Results for Package QurvE

Last updated on 2024-02-26 19:50:18 CET.

Flavor Version Tinstall Tcheck Ttotal Status Flags
r-devel-linux-x86_64-debian-clang 1.1.1 43.51 348.99 392.50 OK
r-devel-linux-x86_64-debian-gcc 1.1.1 35.19 259.83 295.02 OK
r-devel-linux-x86_64-fedora-clang 1.1.1 488.22 NOTE
r-devel-linux-x86_64-fedora-gcc 1.1.1 478.07 OK
r-devel-windows-x86_64 1.1.1 37.00 253.00 290.00 NOTE
r-patched-linux-x86_64 1.1.1 52.02 334.36 386.38 OK
r-release-linux-x86_64 1.1.1 36.37 347.29 383.66 OK
r-release-macos-arm64 1.1.1 134.00 NOTE
r-release-macos-x86_64 1.1.1 194.00 NOTE
r-release-windows-x86_64 1.1.1 51.00 331.00 382.00 NOTE
r-oldrel-macos-arm64 1.1.1 129.00 NOTE
r-oldrel-windows-x86_64 1.1.1 51.00 328.00 379.00 NOTE

Check Details

Version: 1.1.1
Check: installed package size
Result: NOTE installed size is 5.3Mb sub-directories of 1Mb or more: doc 2.1Mb shiny_app 1.2Mb Flavors: r-devel-linux-x86_64-fedora-clang, r-devel-windows-x86_64, r-release-macos-arm64, r-release-macos-x86_64, r-release-windows-x86_64, r-oldrel-macos-arm64, r-oldrel-windows-x86_64