CRAN Package Check Results for Package QuantileGH

Last updated on 2023-06-10 11:51:34 CEST.

Flavor Version Tinstall Tcheck Ttotal Status Flags
r-devel-linux-x86_64-debian-clang 0.1.3 27.26 206.76 234.02 OK
r-devel-linux-x86_64-debian-gcc 0.1.3 21.65 154.02 175.67 OK
r-devel-linux-x86_64-fedora-clang 0.1.3 279.84 OK
r-devel-linux-x86_64-fedora-gcc 0.1.3 285.39 OK
r-devel-windows-x86_64 0.1.3 23.00 170.00 193.00 OK
r-patched-linux-x86_64 0.1.3 21.93 189.21 211.14 OK
r-release-linux-x86_64 0.1.3 16.54 188.14 204.68 OK
r-release-macos-arm64 0.1.3 89.00 OK
r-release-macos-x86_64 0.1.3 153.00 NOTE
r-release-windows-x86_64 0.1.3 30.00 208.00 238.00 OK
r-oldrel-macos-arm64 0.1.3 80.00 ERROR
r-oldrel-macos-x86_64 0.1.3 110.00 ERROR
r-oldrel-windows-x86_64 0.1.3 30.00 201.00 231.00 OK

Check Details

Version: 0.1.3
Check: package dependencies
Result: NOTE
    Packages suggested but not available for checking: 'gk', 'OpVaR'
Flavor: r-release-macos-x86_64

Version: 0.1.3
Check: Rd cross-references
Result: NOTE
    Packages unavailable to check Rd xrefs: ‘gk’, ‘OpVaR’
Flavor: r-release-macos-x86_64

Version: 0.1.3
Check: PDF version of manual
Result: WARN
    LaTeX errors when creating PDF version.
    This typically indicates Rd problems.
    LaTeX errors found:
    ! Undefined control sequence.
    <argument> K_\text
     {max}
    l.2230 ...to a user-specified \eqn{K_\text{max}}{}
     )
    ! Undefined control sequence.
    <argument> K_\text
     {max}
    l.2256 ...er}{integer} scalar \eqn{K_\text{max}}{}
     ,
    ! Undefined control sequence.
    <argument> K^c+1=K_\text
     {max}
    l.2282 ...is stopped if \eqn{K^c+1=K_\text{max}}{}
     ,
Flavors: r-oldrel-macos-arm64, r-oldrel-macos-x86_64

Version: 0.1.3
Check: PDF version of manual without index
Result: ERROR
Flavors: r-oldrel-macos-arm64, r-oldrel-macos-x86_64