CRAN Package Check Results for Package QuadRoot

Last updated on 2021-09-21 08:50:04 CEST.

Flavor Version Tinstall Tcheck Ttotal Status Flags
r-devel-linux-x86_64-debian-clang 0.2.0 1.76 19.76 21.52 OK
r-devel-linux-x86_64-debian-gcc 0.2.0 1.41 15.62 17.03 OK
r-devel-linux-x86_64-fedora-clang 0.2.0 34.94 OK
r-devel-linux-x86_64-fedora-gcc 0.2.0 24.41 OK
r-devel-windows-x86_64 0.2.0 4.00 22.00 26.00 OK
r-devel-windows-x86_64-gcc10-UCRT 0.2.0 ERROR
r-patched-linux-x86_64 0.2.0 1.74 19.03 20.77 OK
r-patched-solaris-x86 0.2.0 38.70 OK
r-release-linux-x86_64 0.2.0 1.63 19.21 20.84 OK
r-release-macos-arm64 0.2.0 OK
r-release-macos-x86_64 0.2.0 OK
r-release-windows-ix86+x86_64 0.2.0 5.00 30.00 35.00 OK
r-oldrel-macos-x86_64 0.2.0 OK
r-oldrel-windows-ix86+x86_64 0.2.0 5.00 31.00 36.00 OK

Check Details

Version: 0.2.0
Check: whether package can be installed
Result: WARN
    Found the following significant warnings:
     WARNING: installation-time patches will not be applied, could not get the patches index
Flavor: r-devel-windows-x86_64-gcc10-UCRT

Version: 0.2.0
Check: PDF version of manual
Result: WARN
    LaTeX errors when creating PDF version.
    This typically indicates Rd problems.
Flavor: r-devel-windows-x86_64-gcc10-UCRT

Version: 0.2.0
Check: PDF version of manual without hyperrefs or index
Result: ERROR
    Re-running with no redirection of stdout/stderr.
Flavor: r-devel-windows-x86_64-gcc10-UCRT