CRAN Package Check Results for Package Qtools

Last updated on 2021-12-05 07:49:20 CET.

Flavor Version Tinstall Tcheck Ttotal Status Flags
r-devel-linux-x86_64-debian-clang 1.5.5 43.80 186.86 230.66 OK
r-devel-linux-x86_64-debian-gcc 1.5.5 32.86 141.01 173.87 OK
r-devel-linux-x86_64-fedora-clang 1.5.5 285.22 OK
r-devel-linux-x86_64-fedora-gcc 1.5.5 269.64 OK
r-devel-windows-x86_64-new-UL 1.5.5 69.00 249.00 318.00 OK
r-devel-windows-x86_64-new-TK 1.5.5 OK
r-devel-windows-x86_64-old 1.5.5 62.00 172.00 234.00 OK
r-patched-linux-x86_64 1.5.5 48.65 169.49 218.14 OK
r-release-linux-x86_64 1.5.5 40.65 175.56 216.21 OK
r-release-macos-arm64 1.5.5 OK
r-release-macos-x86_64 1.5.5 WARN
r-release-windows-ix86+x86_64 1.5.5 105.00 278.00 383.00 OK
r-oldrel-macos-x86_64 1.5.5 WARN
r-oldrel-windows-ix86+x86_64 1.5.5 108.00 287.00 395.00 OK

Check Details

Version: 1.5.5
Check: re-building of vignette outputs
Result: WARN
    Error(s) in re-building vignettes:
     ...
    --- re-building ‘Qtools.Rmd’ using rmarkdown
    Warning in engine$weave(file, quiet = quiet, encoding = enc) :
     Pandoc (>= 1.12.3) not available. Falling back to R Markdown v1.
    Quitting from lines 124-146 (Qtools.Rmd)
    Error: processing vignette 'Qtools.Rmd' failed with diagnostics:
    argument is of length zero
    --- failed re-building ‘Qtools.Rmd’
    
    SUMMARY: processing the following file failed:
     ‘Qtools.Rmd’
    
    Error: Vignette re-building failed.
    Execution halted
Flavors: r-release-macos-x86_64, r-oldrel-macos-x86_64