Last updated on 2023-02-07 21:54:26 CET.
Flavor | Version | Tinstall | Tcheck | Ttotal | Status | Flags |
---|---|---|---|---|---|---|
r-devel-linux-x86_64-debian-clang | 3.4 | 40.54 | 161.10 | 201.64 | OK | |
r-devel-linux-x86_64-debian-gcc | 3.4 | 31.44 | 116.48 | 147.92 | OK | |
r-devel-linux-x86_64-fedora-clang | 3.4 | 267.43 | OK | |||
r-devel-linux-x86_64-fedora-gcc | 3.4 | 245.78 | OK | |||
r-devel-windows-x86_64 | 3.4 | 68.00 | 224.00 | 292.00 | NOTE | |
r-patched-linux-x86_64 | 3.4 | 36.13 | 154.86 | 190.99 | OK | |
r-release-linux-x86_64 | 3.4 | 32.39 | 153.81 | 186.20 | OK | |
r-release-macos-arm64 | 3.4 | 63.00 | OK | |||
r-release-macos-x86_64 | 3.4 | 112.00 | OK | |||
r-release-windows-x86_64 | 3.4 | 45.00 | 233.00 | 278.00 | NOTE | |
r-oldrel-macos-arm64 | 3.4 | 71.00 | NOTE | |||
r-oldrel-macos-x86_64 | 3.4 | 83.00 | OK | |||
r-oldrel-windows-ix86+x86_64 | 3.4 | 85.00 | 259.00 | 344.00 | NOTE |
Version: 3.4
Check: installed package size
Result: NOTE
installed size is 5.0Mb
sub-directories of 1Mb or more:
extdata 3.0Mb
libs 1.0Mb
Flavors: r-devel-windows-x86_64, r-release-windows-x86_64, r-oldrel-macos-arm64, r-oldrel-windows-ix86+x86_64