CRAN Package Check Results for Package QPmin

Last updated on 2021-09-20 08:50:36 CEST.

Flavor Version Tinstall Tcheck Ttotal Status Flags
r-devel-linux-x86_64-debian-clang 0.5-1 7.40 69.00 76.40 OK
r-devel-linux-x86_64-debian-gcc 0.5-1 7.81 52.41 60.22 OK
r-devel-linux-x86_64-fedora-clang 0.5-1 100.09 OK
r-devel-linux-x86_64-fedora-gcc 0.5-1 90.23 OK
r-devel-windows-x86_64 0.5-1 9.00 65.00 74.00 OK
r-devel-windows-x86_64-gcc10-UCRT 0.5-1 ERROR
r-patched-linux-x86_64 0.5-1 9.68 66.01 75.69 OK
r-patched-solaris-x86 0.5-1 128.30 OK
r-release-linux-x86_64 0.5-1 8.04 66.10 74.14 OK
r-release-macos-arm64 0.5-1 OK
r-release-macos-x86_64 0.5-1 OK
r-release-windows-ix86+x86_64 0.5-1 17.00 88.00 105.00 OK
r-oldrel-macos-x86_64 0.5-1 OK
r-oldrel-windows-ix86+x86_64 0.5-1 17.00 65.00 82.00 OK

Check Details

Version: 0.5-1
Check: whether package can be installed
Result: WARN
    Found the following significant warnings:
     WARNING: installation-time patches will not be applied, could not get the patches index
Flavor: r-devel-windows-x86_64-gcc10-UCRT

Version: 0.5-1
Check: PDF version of manual
Result: WARN
    LaTeX errors when creating PDF version.
    This typically indicates Rd problems.
Flavor: r-devel-windows-x86_64-gcc10-UCRT

Version: 0.5-1
Check: PDF version of manual without hyperrefs or index
Result: ERROR
    Re-running with no redirection of stdout/stderr.
Flavor: r-devel-windows-x86_64-gcc10-UCRT