Last updated on 2023-11-30 19:52:09 CET.
Flavor | Version | Tinstall | Tcheck | Ttotal | Status | Flags |
---|---|---|---|---|---|---|
r-devel-linux-x86_64-debian-clang | 0.1.0 | 7.81 | 178.17 | 185.98 | OK | |
r-devel-linux-x86_64-debian-gcc | 0.1.0 | 6.44 | 127.73 | 134.17 | OK | |
r-devel-linux-x86_64-fedora-clang | 0.1.0 | 225.53 | NOTE | |||
r-devel-linux-x86_64-fedora-gcc | 0.1.0 | 226.38 | NOTE | |||
r-devel-windows-x86_64 | 0.1.0 | 8.00 | 144.00 | 152.00 | OK | |
r-patched-linux-x86_64 | 0.1.0 | 11.63 | 167.89 | 179.52 | OK | |
r-release-linux-x86_64 | 0.1.0 | 8.23 | 167.85 | 176.08 | OK | |
r-release-macos-arm64 | 0.1.0 | 100.00 | OK | |||
r-release-macos-x86_64 | 0.1.0 | 163.00 | OK | |||
r-release-windows-x86_64 | 0.1.0 | 12.00 | 176.00 | 188.00 | OK | |
r-oldrel-macos-arm64 | 0.1.0 | 56.00 | NOTE | |||
r-oldrel-macos-x86_64 | 0.1.0 | 106.00 | NOTE | |||
r-oldrel-windows-x86_64 | 0.1.0 | 13.00 | 183.00 | 196.00 | OK |
Version: 0.1.0
Check: dependencies in R code
Result: NOTE
Namespace in Imports field not imported from: ‘data.table’
All declared Imports should be used.
Flavors: r-devel-linux-x86_64-fedora-clang, r-devel-linux-x86_64-fedora-gcc, r-oldrel-macos-arm64, r-oldrel-macos-x86_64