CRAN Package Check Results for Package Q7

Last updated on 2024-02-21 19:53:24 CET.

Flavor Version Tinstall Tcheck Ttotal Status Flags
r-devel-linux-x86_64-debian-clang 0.1.0 NOTE
r-devel-linux-x86_64-debian-gcc 0.1.0 1.87 21.59 23.46 NOTE
r-devel-linux-x86_64-fedora-clang 0.1.0 37.63 NOTE
r-devel-linux-x86_64-fedora-gcc 0.1.0 47.96 NOTE
r-devel-windows-x86_64 0.1.0 3.00 45.00 48.00 NOTE
r-patched-linux-x86_64 0.1.0 2.42 27.79 30.21 NOTE
r-release-linux-x86_64 0.1.0 2.01 26.96 28.97 NOTE
r-release-macos-arm64 0.1.0 35.00 NOTE
r-release-macos-x86_64 0.1.0 33.00 NOTE
r-release-windows-x86_64 0.1.0 3.00 46.00 49.00 NOTE
r-oldrel-macos-arm64 0.1.0 27.00 NOTE
r-oldrel-windows-x86_64 0.1.0 4.00 50.00 54.00 NOTE

Check Details

Version: 0.1.0
Check: LazyData
Result: NOTE 'LazyData' is specified without a 'data' directory Flavors: r-devel-linux-x86_64-debian-clang, r-devel-linux-x86_64-debian-gcc, r-devel-linux-x86_64-fedora-clang, r-devel-linux-x86_64-fedora-gcc, r-devel-windows-x86_64, r-patched-linux-x86_64, r-release-linux-x86_64, r-release-macos-arm64, r-release-macos-x86_64, r-release-windows-x86_64, r-oldrel-macos-arm64, r-oldrel-windows-x86_64