CRAN Package Check Results for Package PupilPre

Last updated on 2021-11-29 20:50:52 CET.

Flavor Version Tinstall Tcheck Ttotal Status Flags
r-devel-linux-x86_64-debian-clang 0.6.2 11.37 138.33 149.70 OK
r-devel-linux-x86_64-debian-gcc 0.6.2 8.53 100.94 109.47 OK
r-devel-linux-x86_64-fedora-clang 0.6.2 188.75 NOTE
r-devel-linux-x86_64-fedora-gcc 0.6.2 172.86 OK
r-devel-windows-x86_64-new-UL 0.6.2 27.00 198.00 225.00 OK
r-devel-windows-x86_64-new-TK 0.6.2 OK
r-devel-windows-x86_64-old 0.6.2 20.00 135.00 155.00 OK
r-patched-linux-x86_64 0.6.2 16.88 135.43 152.31 OK
r-patched-solaris-x86 0.6.2 162.30 OK
r-release-linux-x86_64 0.6.2 10.51 136.09 146.60 OK
r-release-macos-arm64 0.6.2 OK
r-release-macos-x86_64 0.6.2 OK
r-release-windows-ix86+x86_64 0.6.2 25.00 176.00 201.00 OK
r-oldrel-macos-x86_64 0.6.2 OK
r-oldrel-windows-ix86+x86_64 0.6.2 17.00 139.00 156.00 OK

Check Details

Version: 0.6.2
Check: Rd cross-references
Result: NOTE
    Undeclared package ‘tibble’ in Rd xrefs
Flavor: r-devel-linux-x86_64-fedora-clang