Last updated on 2023-02-03 19:52:14 CET.
Flavor | Version | Tinstall | Tcheck | Ttotal | Status | Flags |
---|---|---|---|---|---|---|
r-devel-linux-x86_64-debian-clang | 0.1.0.1 | 53.57 | 318.61 | 372.18 | NOTE | |
r-devel-linux-x86_64-debian-gcc | 0.1.0.1 | 46.95 | 241.84 | 288.79 | NOTE | |
r-devel-linux-x86_64-fedora-clang | 0.1.0.1 | 454.32 | NOTE | |||
r-devel-linux-x86_64-fedora-gcc | 0.1.0.1 | 464.89 | NOTE | |||
r-devel-windows-x86_64 | 0.1.0.1 | 408.00 | 415.00 | 823.00 | NOTE | |
r-patched-linux-x86_64 | 0.1.0.1 | 53.01 | 330.02 | 383.03 | OK | |
r-release-linux-x86_64 | 0.1.0.1 | 54.08 | 315.18 | 369.26 | OK | |
r-release-macos-arm64 | 0.1.0.1 | 47.00 | NOTE | |||
r-release-macos-x86_64 | 0.1.0.1 | 62.00 | NOTE | |||
r-release-windows-x86_64 | 0.1.0.1 | 54.00 | 437.00 | 491.00 | OK | |
r-oldrel-macos-arm64 | 0.1.0.1 | 57.00 | NOTE | |||
r-oldrel-macos-x86_64 | 0.1.0.1 | 104.00 | NOTE | |||
r-oldrel-windows-ix86+x86_64 | 0.1.0.1 | 146.00 | 634.00 | 780.00 | OK |
Version: 0.1.0.1
Check: C++ specification
Result: NOTE
Specified C++14: please update to current default of C++17
Flavors: r-devel-linux-x86_64-debian-clang, r-devel-linux-x86_64-debian-gcc, r-devel-linux-x86_64-fedora-clang, r-devel-linux-x86_64-fedora-gcc, r-devel-windows-x86_64
Version: 0.1.0.1
Check: dependencies in R code
Result: NOTE
Namespace in Imports field not imported from: ‘Rdpack’
All declared Imports should be used.
Flavors: r-devel-linux-x86_64-fedora-clang, r-devel-linux-x86_64-fedora-gcc, r-release-macos-arm64, r-release-macos-x86_64, r-oldrel-macos-arm64, r-oldrel-macos-x86_64
Version: 0.1.0.1
Check: installed package size
Result: NOTE
installed size is 12.8Mb
sub-directories of 1Mb or more:
libs 12.5Mb
Flavors: r-release-macos-arm64, r-release-macos-x86_64, r-oldrel-macos-arm64, r-oldrel-macos-x86_64