CRAN Package Check Results for Package PrevMap

Last updated on 2020-12-01 19:48:24 CET.

Flavor Version Tinstall Tcheck Ttotal Status Flags
r-devel-linux-x86_64-debian-clang 1.5.3 45.42 224.35 269.77 NOTE
r-devel-linux-x86_64-debian-gcc 1.5.3 29.51 165.53 195.04 NOTE
r-devel-linux-x86_64-fedora-clang 1.5.3 312.14 OK
r-devel-linux-x86_64-fedora-gcc 1.5.3 316.87 OK
r-devel-windows-ix86+x86_64 1.5.3 60.00 239.00 299.00 OK
r-patched-linux-x86_64 1.5.3 41.57 199.79 241.36 NOTE
r-patched-solaris-x86 1.5.3 381.30 NOTE
r-release-linux-x86_64 1.5.3 29.36 201.13 230.49 NOTE
r-release-macos-x86_64 1.5.3 NOTE
r-release-windows-ix86+x86_64 1.5.3 44.00 182.00 226.00 OK
r-oldrel-macos-x86_64 1.5.3 NOTE
r-oldrel-windows-ix86+x86_64 1.5.3 47.00 229.00 276.00 OK

Check Details

Version: 1.5.3
Check: package dependencies
Result: NOTE
    Package suggested but not available for checking: 'INLA'
Flavors: r-devel-linux-x86_64-debian-clang, r-devel-linux-x86_64-debian-gcc, r-patched-linux-x86_64, r-patched-solaris-x86, r-release-linux-x86_64, r-release-macos-x86_64, r-oldrel-macos-x86_64

Version: 1.5.3
Check: dependencies in R code
Result: NOTE
    No protocol specified
    No protocol specified
Flavor: r-oldrel-macos-x86_64