CRAN Package Check Results for Package PredictionR

Last updated on 2023-06-05 21:59:15 CEST.

Flavor Version Tinstall Tcheck Ttotal Status Flags
r-devel-linux-x86_64-debian-clang 1.0-12 7.84 70.28 78.12 NOTE
r-devel-linux-x86_64-debian-gcc 1.0-12 6.56 53.30 59.86 NOTE
r-devel-linux-x86_64-fedora-clang 1.0-12 100.67 NOTE
r-devel-linux-x86_64-fedora-gcc 1.0-12 92.10 NOTE
r-devel-windows-x86_64 1.0-12 7.00 66.00 73.00 NOTE
r-patched-linux-x86_64 1.0-12 6.97 66.46 73.43 NOTE
r-release-linux-x86_64 1.0-12 7.30 66.93 74.23 NOTE
r-release-macos-arm64 1.0-12 35.00 NOTE
r-release-macos-x86_64 1.0-12 52.00 NOTE
r-release-windows-x86_64 1.0-12 12.00 78.00 90.00 NOTE
r-oldrel-macos-arm64 1.0-12 28.00 NOTE
r-oldrel-macos-x86_64 1.0-12 42.00 NOTE
r-oldrel-windows-x86_64 1.0-12 10.00 83.00 93.00 NOTE

Check Details

Version: 1.0-12
Check: LazyData
Result: NOTE
     'LazyData' is specified without a 'data' directory
Flavors: r-devel-linux-x86_64-debian-clang, r-devel-linux-x86_64-debian-gcc, r-devel-linux-x86_64-fedora-clang, r-devel-linux-x86_64-fedora-gcc, r-devel-windows-x86_64, r-patched-linux-x86_64, r-release-linux-x86_64, r-release-macos-arm64, r-release-macos-x86_64, r-release-windows-x86_64, r-oldrel-macos-arm64, r-oldrel-macos-x86_64, r-oldrel-windows-x86_64