CRAN Package Check Results for Package PortfolioOptim

Last updated on 2021-12-09 07:50:20 CET.

Flavor Version Tinstall Tcheck Ttotal Status Flags
r-devel-linux-x86_64-debian-clang 1.1.1 2.79 34.91 37.70 NOTE
r-devel-linux-x86_64-debian-gcc 1.1.1 2.15 27.64 29.79 NOTE
r-devel-linux-x86_64-fedora-clang 1.1.1 48.39 NOTE
r-devel-linux-x86_64-fedora-gcc 1.1.1 35.80 NOTE
r-devel-windows-x86_64-new-UL 1.1.1 7.00 68.00 75.00 NOTE
r-devel-windows-x86_64-new-TK 1.1.1 NOTE
r-devel-windows-x86_64-old 1.1.1 5.00 46.00 51.00 NOTE
r-patched-linux-x86_64 1.1.1 2.57 33.49 36.06 NOTE
r-release-linux-x86_64 1.1.1 2.29 34.00 36.29 NOTE
r-release-macos-arm64 1.1.1 NOTE
r-release-macos-x86_64 1.1.1 NOTE
r-release-windows-ix86+x86_64 1.1.1 5.00 45.00 50.00 NOTE
r-oldrel-macos-x86_64 1.1.1 OK
r-oldrel-windows-ix86+x86_64 1.1.1 6.00 44.00 50.00 OK

Check Details

Version: 1.1.1
Check: LazyData
Result: NOTE
     'LazyData' is specified without a 'data' directory
Flavors: r-devel-linux-x86_64-debian-clang, r-devel-linux-x86_64-debian-gcc, r-devel-linux-x86_64-fedora-clang, r-devel-linux-x86_64-fedora-gcc, r-devel-windows-x86_64-new-UL, r-devel-windows-x86_64-new-TK, r-devel-windows-x86_64-old, r-patched-linux-x86_64, r-release-linux-x86_64, r-release-macos-arm64, r-release-macos-x86_64, r-release-windows-ix86+x86_64