CRAN Package Check Results for Package PortfolioEffectHFT

Last updated on 2020-05-29 10:47:30 CEST.

Flavor Version Tinstall Tcheck Ttotal Status Flags
r-devel-linux-x86_64-debian-clang 1.8 14.10 82.16 96.26 OK
r-devel-linux-x86_64-debian-gcc 1.8 11.23 62.68 73.91 OK
r-devel-linux-x86_64-fedora-clang 1.8 120.05 NOTE
r-devel-linux-x86_64-fedora-gcc 1.8 115.80 OK
r-devel-windows-ix86+x86_64 1.8 38.00 152.00 190.00 NOTE
r-patched-linux-x86_64 1.8 13.72 79.87 93.59 OK
r-patched-solaris-x86 1.8 156.00 NOTE
r-release-linux-x86_64 1.8 13.48 80.12 93.60 OK
r-release-osx-x86_64 1.8 NOTE
r-release-windows-ix86+x86_64 1.8 29.00 131.00 160.00 NOTE
r-oldrel-osx-x86_64 1.8 NOTE
r-oldrel-windows-ix86+x86_64 1.8 22.00 100.00 122.00 NOTE

Check Details

Version: 1.8
Check: installed package size
Result: NOTE
     installed size is 6.4Mb
     sub-directories of 1Mb or more:
     java 5.1Mb
Flavors: r-devel-linux-x86_64-fedora-clang, r-devel-windows-ix86+x86_64, r-patched-solaris-x86, r-release-osx-x86_64, r-release-windows-ix86+x86_64, r-oldrel-osx-x86_64, r-oldrel-windows-ix86+x86_64