Last updated on 2023-01-26 19:49:35 CET.
Flavor | Version | Tinstall | Tcheck | Ttotal | Status | Flags |
---|---|---|---|---|---|---|
r-devel-linux-x86_64-debian-clang | 0.1.3 | 223.03 | 123.68 | 346.71 | NOTE | |
r-devel-linux-x86_64-debian-gcc | 0.1.3 | 210.82 | 103.01 | 313.83 | NOTE | |
r-devel-linux-x86_64-fedora-clang | 0.1.3 | 470.94 | NOTE | |||
r-devel-linux-x86_64-fedora-gcc | 0.1.3 | 520.81 | NOTE | |||
r-devel-windows-x86_64 | 0.1.3 | 632.00 | 196.00 | 828.00 | NOTE | |
r-patched-linux-x86_64 | 0.1.3 | 224.65 | 132.29 | 356.94 | NOTE | |
r-release-linux-x86_64 | 0.1.3 | 218.92 | 133.17 | 352.09 | NOTE | |
r-release-macos-arm64 | 0.1.3 | 138.00 | NOTE | |||
r-release-macos-x86_64 | 0.1.3 | 175.00 | NOTE | |||
r-release-windows-x86_64 | 0.1.3 | 177.00 | 198.00 | 375.00 | NOTE | |
r-oldrel-macos-arm64 | 0.1.3 | 100.00 | NOTE | |||
r-oldrel-macos-x86_64 | 0.1.3 | 169.00 | NOTE | |||
r-oldrel-windows-ix86+x86_64 | 0.1.3 | 535.00 | 265.00 | 800.00 | NOTE |
Version: 0.1.3
Check: for GNU extensions in Makefiles
Result: NOTE
GNU make is a SystemRequirements.
Flavors: r-devel-linux-x86_64-debian-clang, r-devel-linux-x86_64-debian-gcc, r-devel-linux-x86_64-fedora-clang, r-devel-linux-x86_64-fedora-gcc, r-devel-windows-x86_64, r-patched-linux-x86_64, r-release-linux-x86_64, r-release-macos-arm64, r-release-macos-x86_64, r-release-windows-x86_64, r-oldrel-macos-arm64, r-oldrel-macos-x86_64, r-oldrel-windows-ix86+x86_64
Version: 0.1.3
Check: dependencies in R code
Result: NOTE
Namespace in Imports field not imported from: ‘rstantools’
All declared Imports should be used.
Flavors: r-devel-linux-x86_64-fedora-clang, r-devel-linux-x86_64-fedora-gcc, r-release-macos-arm64, r-release-macos-x86_64, r-oldrel-macos-arm64, r-oldrel-macos-x86_64
Version: 0.1.3
Check: C++ specification
Result: NOTE
Specified C++14: please update to current default of C++17
Flavor: r-devel-linux-x86_64-fedora-gcc
Version: 0.1.3
Check: installed package size
Result: NOTE
installed size is 42.2Mb
sub-directories of 1Mb or more:
libs 41.9Mb
Flavors: r-release-macos-arm64, r-release-macos-x86_64, r-oldrel-macos-arm64, r-oldrel-macos-x86_64, r-oldrel-windows-ix86+x86_64