Last updated on 2023-01-26 19:49:35 CET.
Flavor | Version | Tinstall | Tcheck | Ttotal | Status | Flags |
---|---|---|---|---|---|---|
r-devel-linux-x86_64-debian-clang | 0.3 | 13.75 | 124.74 | 138.49 | OK | |
r-devel-linux-x86_64-debian-gcc | 0.3 | 8.95 | 94.58 | 103.53 | OK | |
r-devel-linux-x86_64-fedora-clang | 0.3 | 171.37 | NOTE | |||
r-devel-linux-x86_64-fedora-gcc | 0.3 | 194.28 | NOTE | |||
r-devel-windows-x86_64 | 0.3 | 36.00 | 150.00 | 186.00 | OK | |
r-patched-linux-x86_64 | 0.3 | 17.01 | 119.71 | 136.72 | OK | |
r-release-linux-x86_64 | 0.3 | 11.61 | 119.10 | 130.71 | OK | |
r-release-macos-arm64 | 0.3 | 48.00 | NOTE | |||
r-release-macos-x86_64 | 0.3 | 95.00 | NOTE | |||
r-release-windows-x86_64 | 0.3 | 44.00 | 150.00 | 194.00 | OK | |
r-oldrel-macos-arm64 | 0.3 | 39.00 | NOTE | |||
r-oldrel-macos-x86_64 | 0.3 | 65.00 | NOTE | |||
r-oldrel-windows-ix86+x86_64 | 0.3 | 29.00 | 144.00 | 173.00 | OK |
Version: 0.3
Check: data for non-ASCII characters
Result: NOTE
Note: found 21 marked UTF-8 strings
Flavors: r-devel-linux-x86_64-fedora-clang, r-devel-linux-x86_64-fedora-gcc, r-release-macos-arm64, r-release-macos-x86_64, r-oldrel-macos-arm64, r-oldrel-macos-x86_64