CRAN Package Check Results for Package Phase123

Last updated on 2021-11-28 07:50:51 CET.

Flavor Version Tinstall Tcheck Ttotal Status Flags
r-devel-linux-x86_64-debian-clang 2.1 NOTE
r-devel-linux-x86_64-debian-gcc 2.1 31.63 55.49 87.12 NOTE
r-devel-linux-x86_64-fedora-clang 2.1 179.06 NOTE
r-devel-linux-x86_64-fedora-gcc 2.1 147.98 NOTE
r-devel-windows-x86_64-new-UL 2.1 59.00 136.00 195.00 NOTE
r-devel-windows-x86_64-new-TK 2.1 NOTE
r-devel-windows-x86_64-old 2.1 44.00 115.00 159.00 NOTE
r-patched-linux-x86_64 2.1 37.40 69.76 107.16 NOTE
r-patched-solaris-x86 2.1 191.90 NOTE
r-release-linux-x86_64 2.1 37.40 68.97 106.37 NOTE
r-release-macos-arm64 2.1 NOTE
r-release-macos-x86_64 2.1 NOTE
r-release-windows-ix86+x86_64 2.1 107.00 117.00 224.00 NOTE
r-oldrel-macos-x86_64 2.1 OK
r-oldrel-windows-ix86+x86_64 2.1 78.00 148.00 226.00 OK

Check Details

Version: 2.1
Check: LazyData
Result: NOTE
     'LazyData' is specified without a 'data' directory
Flavors: r-devel-linux-x86_64-debian-clang, r-devel-linux-x86_64-debian-gcc, r-devel-linux-x86_64-fedora-clang, r-devel-linux-x86_64-fedora-gcc, r-devel-windows-x86_64-new-UL, r-devel-windows-x86_64-new-TK, r-devel-windows-x86_64-old, r-patched-linux-x86_64, r-patched-solaris-x86, r-release-linux-x86_64, r-release-macos-arm64, r-release-macos-x86_64, r-release-windows-ix86+x86_64