CRAN Package Check Results for Package PetfindeR

Last updated on 2021-11-26 19:52:59 CET.

Flavor Version Tinstall Tcheck Ttotal Status Flags
r-devel-linux-x86_64-debian-clang 2.1.0 2.81 23.47 26.28 NOTE
r-devel-linux-x86_64-debian-gcc 2.1.0 2.19 18.74 20.93 NOTE
r-devel-linux-x86_64-fedora-clang 2.1.0 43.26 NOTE
r-devel-linux-x86_64-fedora-gcc 2.1.0 32.91 NOTE
r-devel-windows-x86_64-new-UL 2.1.0 9.00 60.00 69.00 NOTE
r-devel-windows-x86_64-new-TK 2.1.0 NOTE
r-devel-windows-x86_64-old 2.1.0 5.00 33.00 38.00 NOTE
r-patched-linux-x86_64 2.1.0 2.71 22.20 24.91 NOTE
r-patched-solaris-x86 2.1.0 50.20 NOTE
r-release-linux-x86_64 2.1.0 NOTE
r-release-macos-arm64 2.1.0 NOTE
r-release-macos-x86_64 2.1.0 NOTE
r-release-windows-ix86+x86_64 2.1.0 8.00 41.00 49.00 NOTE
r-oldrel-macos-x86_64 2.1.0 NOTE
r-oldrel-windows-ix86+x86_64 2.1.0 5.00 43.00 48.00 OK

Check Details

Version: 2.1.0
Check: LazyData
Result: NOTE
     'LazyData' is specified without a 'data' directory
Flavors: r-devel-linux-x86_64-debian-clang, r-devel-linux-x86_64-debian-gcc, r-devel-linux-x86_64-fedora-clang, r-devel-linux-x86_64-fedora-gcc, r-devel-windows-x86_64-new-UL, r-devel-windows-x86_64-new-TK, r-devel-windows-x86_64-old, r-patched-linux-x86_64, r-patched-solaris-x86, r-release-linux-x86_64, r-release-macos-arm64, r-release-macos-x86_64, r-release-windows-ix86+x86_64

Version: 2.1.0
Check: dependencies in R code
Result: NOTE
    Namespace in Imports field not imported from: ‘R6’
     All declared Imports should be used.
Flavors: r-devel-linux-x86_64-fedora-clang, r-devel-linux-x86_64-fedora-gcc, r-devel-windows-x86_64-new-TK, r-patched-solaris-x86, r-release-macos-arm64, r-release-macos-x86_64, r-oldrel-macos-x86_64