CRAN Package Check Results for Package PerformanceAnalytics

Last updated on 2020-12-04 19:48:37 CET.

Flavor Version Tinstall Tcheck Ttotal Status Flags
r-devel-linux-x86_64-debian-clang 2.0.4 23.68 342.91 366.59 OK
r-devel-linux-x86_64-debian-gcc 2.0.4 18.98 251.48 270.46 OK
r-devel-linux-x86_64-fedora-clang 2.0.4 466.52 NOTE
r-devel-linux-x86_64-fedora-gcc 2.0.4 461.55 OK
r-devel-windows-ix86+x86_64 2.0.4 44.00 365.00 409.00 OK --no-vignettes
r-patched-linux-x86_64 2.0.4 20.94 325.50 346.44 OK
r-patched-solaris-x86 2.0.4 633.70 OK
r-release-linux-x86_64 2.0.4 22.41 323.08 345.49 OK
r-release-macos-x86_64 2.0.4 OK
r-release-windows-ix86+x86_64 2.0.4 34.00 371.00 405.00 OK --no-vignettes
r-oldrel-macos-x86_64 2.0.4 OK
r-oldrel-windows-ix86+x86_64 2.0.4 46.00 350.00 396.00 OK --no-vignettes

Additional issues

noLD

Check Details

Version: 2.0.4
Check: Rd cross-references
Result: NOTE
    Undeclared packages ‘timeSeries’, ‘tseries’, ‘car’, ‘gplots’ in Rd xrefs
Flavor: r-devel-linux-x86_64-fedora-clang