CRAN Package Check Results for Package Perc

Last updated on 2021-09-23 08:51:13 CEST.

Flavor Version Tinstall Tcheck Ttotal Status Flags
r-devel-linux-x86_64-debian-clang 0.1.6 3.30 51.70 55.00 OK
r-devel-linux-x86_64-debian-gcc 0.1.6 2.09 37.96 40.05 OK
r-devel-linux-x86_64-fedora-clang 0.1.6 72.45 OK
r-devel-linux-x86_64-fedora-gcc 0.1.6 61.63 OK
r-devel-windows-x86_64 0.1.6 6.00 54.00 60.00 OK
r-devel-windows-x86_64-gcc10-UCRT 0.1.6 ERROR
r-patched-linux-x86_64 0.1.6 3.72 47.60 51.32 OK
r-patched-solaris-x86 0.1.6 86.00 OK
r-release-linux-x86_64 0.1.6 2.98 47.80 50.78 OK
r-release-macos-arm64 0.1.6 OK
r-release-macos-x86_64 0.1.6 OK
r-release-windows-ix86+x86_64 0.1.6 7.00 73.00 80.00 OK
r-oldrel-macos-x86_64 0.1.6 OK
r-oldrel-windows-ix86+x86_64 0.1.6 33.00 53.00 86.00 OK

Check Details

Version: 0.1.6
Check: package dependencies
Result: NOTE
    Package suggested but not available for checking: 'devtools'
Flavor: r-devel-windows-x86_64-gcc10-UCRT

Version: 0.1.6
Check: PDF version of manual
Result: WARN
    LaTeX errors when creating PDF version.
    This typically indicates Rd problems.
Flavor: r-devel-windows-x86_64-gcc10-UCRT

Version: 0.1.6
Check: PDF version of manual without hyperrefs or index
Result: ERROR
    Re-running with no redirection of stdout/stderr.
Flavor: r-devel-windows-x86_64-gcc10-UCRT