CRAN Package Check Results for Package ParetoPosStable

Last updated on 2024-02-20 19:51:12 CET.

Flavor Version Tinstall Tcheck Ttotal Status Flags
r-devel-linux-x86_64-debian-clang 1.1 NOTE
r-devel-linux-x86_64-debian-gcc 1.1 3.01 24.07 27.08 NOTE
r-devel-linux-x86_64-fedora-clang 1.1 45.41 OK
r-devel-linux-x86_64-fedora-gcc 1.1 42.40 OK
r-devel-windows-x86_64 1.1 4.00 50.00 54.00 OK
r-patched-linux-x86_64 1.1 3.11 30.48 33.59 OK
r-release-linux-x86_64 1.1 3.94 31.52 35.46 OK
r-release-macos-arm64 1.1 21.00 OK
r-release-macos-x86_64 1.1 25.00 OK
r-release-windows-x86_64 1.1 5.00 51.00 56.00 OK
r-oldrel-macos-arm64 1.1 18.00 OK
r-oldrel-windows-x86_64 1.1 6.00 54.00 60.00 OK

Check Details

Version: 1.1
Check: Rd files
Result: NOTE checkRd: (-1) PPS.fit.Rd:25: Lost braces in \itemize; \value handles \item{}{} directly checkRd: (-1) PPS.fit.Rd:26: Lost braces in \itemize; \value handles \item{}{} directly checkRd: (-1) PPS.fit.Rd:27: Lost braces in \itemize; \value handles \item{}{} directly checkRd: (-1) PPS.fit.Rd:28: Lost braces in \itemize; \value handles \item{}{} directly checkRd: (-1) PPS.fit.Rd:29: Lost braces in \itemize; \value handles \item{}{} directly checkRd: (-1) PPS.fit.Rd:30: Lost braces in \itemize; \value handles \item{}{} directly checkRd: (-1) forbes400.Rd:8: Lost braces in \itemize; meant \describe ? checkRd: (-1) forbes400.Rd:9: Lost braces in \itemize; meant \describe ? checkRd: (-1) turkey.Rd:8: Lost braces in \itemize; meant \describe ? checkRd: (-1) turkey.Rd:9: Lost braces in \itemize; meant \describe ? checkRd: (-1) turkey.Rd:10: Lost braces in \itemize; meant \describe ? checkRd: (-1) turkey.Rd:11: Lost braces in \itemize; meant \describe ? Flavors: r-devel-linux-x86_64-debian-clang, r-devel-linux-x86_64-debian-gcc