CRAN Package Check Results for Package ParamHelpers

Last updated on 2021-12-09 07:50:19 CET.

Flavor Version Tinstall Tcheck Ttotal Status Flags
r-devel-linux-x86_64-debian-clang 1.14 8.68 79.78 88.46 NOTE
r-devel-linux-x86_64-debian-gcc 1.14 5.06 59.98 65.04 NOTE
r-devel-linux-x86_64-fedora-clang 1.14 105.70 NOTE
r-devel-linux-x86_64-fedora-gcc 1.14 94.84 NOTE
r-devel-windows-x86_64-new-UL 1.14 25.00 115.00 140.00 NOTE
r-devel-windows-x86_64-new-TK 1.14 NOTE
r-devel-windows-x86_64-old 1.14 13.00 103.00 116.00 NOTE
r-patched-linux-x86_64 1.14 9.86 75.67 85.53 NOTE
r-release-linux-x86_64 1.14 7.49 75.89 83.38 NOTE
r-release-macos-arm64 1.14 NOTE
r-release-macos-x86_64 1.14 NOTE
r-release-windows-ix86+x86_64 1.14 13.00 126.00 139.00 NOTE
r-oldrel-macos-x86_64 1.14 OK
r-oldrel-windows-ix86+x86_64 1.14 35.00 124.00 159.00 OK

Check Details

Version: 1.14
Check: LazyData
Result: NOTE
     'LazyData' is specified without a 'data' directory
Flavors: r-devel-linux-x86_64-debian-clang, r-devel-linux-x86_64-debian-gcc, r-devel-linux-x86_64-fedora-clang, r-devel-linux-x86_64-fedora-gcc, r-devel-windows-x86_64-new-UL, r-devel-windows-x86_64-new-TK, r-devel-windows-x86_64-old, r-patched-linux-x86_64, r-release-linux-x86_64, r-release-macos-arm64, r-release-macos-x86_64, r-release-windows-ix86+x86_64