CRAN Package Check Results for Package PanCanVarSel

Last updated on 2024-02-20 19:51:12 CET.

Flavor Version Tinstall Tcheck Ttotal Status Flags
r-devel-linux-x86_64-debian-clang 0.0.3 NOTE
r-devel-linux-x86_64-debian-gcc 0.0.3 2.81 42.18 44.99 NOTE
r-devel-linux-x86_64-fedora-clang 0.0.3 71.58 NOTE
r-devel-linux-x86_64-fedora-gcc 0.0.3 69.46 NOTE
r-devel-windows-x86_64 0.0.3 4.00 61.00 65.00 NOTE
r-patched-linux-x86_64 0.0.3 2.69 53.77 56.46 NOTE
r-release-linux-x86_64 0.0.3 3.65 53.71 57.36 NOTE
r-release-macos-arm64 0.0.3 30.00 NOTE
r-release-macos-x86_64 0.0.3 45.00 NOTE
r-release-windows-x86_64 0.0.3 5.00 68.00 73.00 NOTE
r-oldrel-macos-arm64 0.0.3 25.00 NOTE
r-oldrel-windows-x86_64 0.0.3 5.00 71.00 76.00 NOTE

Check Details

Version: 0.0.3
Check: LazyData
Result: NOTE 'LazyData' is specified without a 'data' directory Flavors: r-devel-linux-x86_64-debian-clang, r-devel-linux-x86_64-debian-gcc, r-devel-linux-x86_64-fedora-clang, r-devel-linux-x86_64-fedora-gcc, r-devel-windows-x86_64, r-patched-linux-x86_64, r-release-linux-x86_64, r-release-macos-arm64, r-release-macos-x86_64, r-release-windows-x86_64, r-oldrel-macos-arm64, r-oldrel-windows-x86_64

Version: 0.0.3
Check: dependencies in R code
Result: NOTE Namespace in Imports field not imported from: ‘smoothmest’ All declared Imports should be used. Flavors: r-devel-linux-x86_64-fedora-clang, r-devel-linux-x86_64-fedora-gcc, r-oldrel-macos-arm64