Last updated on 2023-05-29 09:56:02 CEST.
Flavor | Version | Tinstall | Tcheck | Ttotal | Status | Flags |
---|---|---|---|---|---|---|
r-devel-linux-x86_64-debian-clang | 1.2.117 | 20.99 | 213.13 | 234.12 | OK | |
r-devel-linux-x86_64-debian-gcc | 1.2.117 | 17.65 | 159.46 | 177.11 | OK | |
r-devel-linux-x86_64-fedora-clang | 1.2.117 | 304.74 | NOTE | |||
r-devel-linux-x86_64-fedora-gcc | 1.2.117 | 319.12 | OK | |||
r-devel-windows-x86_64 | 1.2.117 | 22.00 | 236.00 | 258.00 | OK | |
r-patched-linux-x86_64 | 1.2.117 | 25.48 | 204.03 | 229.51 | OK | |
r-release-linux-x86_64 | 1.2.117 | 15.37 | 200.71 | 216.08 | OK | |
r-release-macos-arm64 | 1.2.117 | 89.00 | OK | |||
r-release-macos-x86_64 | 1.2.117 | 153.00 | OK | |||
r-release-windows-x86_64 | 1.2.117 | 30.00 | 297.00 | 327.00 | OK | |
r-oldrel-macos-arm64 | 1.2.117 | 77.00 | OK | |||
r-oldrel-macos-x86_64 | 1.2.117 | 132.00 | OK | |||
r-oldrel-windows-x86_64 | 1.2.117 | 29.00 | 256.00 | 285.00 | OK |
Version: 1.2.117
Check: package dependencies
Result: NOTE
Imports includes 30 non-default packages.
Importing from so many packages makes the package vulnerable to any of
them becoming unavailable. Move as many as possible to Suggests and
use conditionally.
Flavor: r-devel-linux-x86_64-fedora-clang