CRAN Package Check Results for Package PWFSLSmoke

Last updated on 2022-07-02 21:52:22 CEST.

Flavor Version Tinstall Tcheck Ttotal Status Flags
r-devel-linux-x86_64-debian-clang 1.2.117 22.05 203.98 226.03 OK
r-devel-linux-x86_64-debian-gcc 1.2.117 17.93 148.38 166.31 OK
r-devel-linux-x86_64-fedora-clang 1.2.117 270.08 NOTE
r-devel-linux-x86_64-fedora-gcc 1.2.117 263.43 OK
r-devel-windows-x86_64 1.2.117 152.00 327.00 479.00 OK
r-patched-linux-x86_64 1.2.117 25.64 187.73 213.37 OK
r-release-linux-x86_64 1.2.117 19.39 187.73 207.12 OK
r-release-macos-arm64 1.2.117 77.00 OK
r-release-macos-x86_64 1.2.117 132.00 OK
r-release-windows-x86_64 1.2.117 36.00 329.00 365.00 OK
r-oldrel-macos-arm64 1.2.117 129.00 OK
r-oldrel-macos-x86_64 1.2.117 120.00 OK
r-oldrel-windows-ix86+x86_64 1.2.117 64.00 373.00 437.00 OK

Check Details

Version: 1.2.117
Check: package dependencies
Result: NOTE
    Imports includes 30 non-default packages.
    Importing from so many packages makes the package vulnerable to any of
    them becoming unavailable. Move as many as possible to Suggests and
    use conditionally.
Flavor: r-devel-linux-x86_64-fedora-clang