CRAN Package Check Results for Package PVplr

Last updated on 2021-11-27 07:49:58 CET.

Flavor Version Tinstall Tcheck Ttotal Status Flags
r-devel-linux-x86_64-debian-clang 0.1.0 OK
r-devel-linux-x86_64-debian-gcc 0.1.0 6.22 211.89 218.11 OK
r-devel-linux-x86_64-fedora-clang 0.1.0 360.57 NOTE
r-devel-linux-x86_64-fedora-gcc 0.1.0 343.69 NOTE
r-devel-windows-x86_64-new-UL 0.1.0 19.00 391.00 410.00 OK
r-devel-windows-x86_64-new-TK 0.1.0 NOTE
r-devel-windows-x86_64-old 0.1.0 12.00 319.00 331.00 OK
r-patched-linux-x86_64 0.1.0 8.00 282.68 290.68 OK
r-patched-solaris-x86 0.1.0 401.50 NOTE
r-release-linux-x86_64 0.1.0 OK
r-release-macos-arm64 0.1.0 NOTE
r-release-macos-x86_64 0.1.0 NOTE
r-release-windows-ix86+x86_64 0.1.0 17.00 421.00 438.00 OK
r-oldrel-macos-x86_64 0.1.0 NOTE
r-oldrel-windows-ix86+x86_64 0.1.0 23.00 428.00 451.00 OK

Check Details

Version: 0.1.0
Check: dependencies in R code
Result: NOTE
    Namespace in Imports field not imported from: ‘ggplot2’
     All declared Imports should be used.
Flavors: r-devel-linux-x86_64-fedora-clang, r-devel-linux-x86_64-fedora-gcc, r-devel-windows-x86_64-new-TK, r-patched-solaris-x86, r-release-macos-arm64, r-release-macos-x86_64, r-oldrel-macos-x86_64