CRAN Package Check Results for Package PSGoft

Last updated on 2024-02-23 07:52:17 CET.

Flavor Version Tinstall Tcheck Ttotal Status Flags
r-devel-linux-x86_64-debian-clang 0.0.1 NOTE
r-devel-linux-x86_64-debian-gcc 0.0.1 1.65 201.80 203.45 NOTE
r-devel-linux-x86_64-fedora-clang 0.0.1 347.77 NOTE
r-devel-linux-x86_64-fedora-gcc 0.0.1 364.25 NOTE
r-devel-windows-x86_64 0.0.1 3.00 195.00 198.00 OK
r-patched-linux-x86_64 0.0.1 2.02 275.73 277.75 OK
r-release-linux-x86_64 0.0.1 2.25 272.87 275.12 OK
r-release-macos-arm64 0.0.1 119.00 OK
r-release-macos-x86_64 0.0.1 246.00 OK
r-release-windows-x86_64 0.0.1 3.00 270.00 273.00 OK
r-oldrel-macos-arm64 0.0.1 93.00 OK
r-oldrel-windows-x86_64 0.0.1 4.00 272.00 276.00 OK

Check Details

Version: 0.0.1
Check: Rd files
Result: NOTE checkRd: (-1) data1.Rd:14: Lost braces 14 | The data set from {AbouRizk, S.M., Halpin, D.W., Wilson, J. R. (1994). \emph{Fitting beta distributions based on sample data.} Journal of Construction Engineering and Management 120(2), 288–305.} | ^ checkRd: (-1) data2.Rd:14: Lost braces; missing escapes or markup? 14 | The data set presents the height of 99 five-year-old British boys in cm downloaded from {http://www.mas.ncl.ac.uk/njnsm/medfac/docs/intro.pdf.} | ^ Flavors: r-devel-linux-x86_64-debian-clang, r-devel-linux-x86_64-debian-gcc, r-devel-linux-x86_64-fedora-clang, r-devel-linux-x86_64-fedora-gcc