CRAN Package Check Results for Package PRIMME

Last updated on 2024-02-29 19:12:30 CET.

Flavor Version Tinstall Tcheck Ttotal Status Flags
r-devel-linux-x86_64-debian-clang 3.2-6 127.16 37.02 164.18 OK
r-devel-linux-x86_64-debian-gcc 3.2-6 128.73 28.86 157.59 OK
r-devel-linux-x86_64-fedora-clang 3.2-6 243.06 NOTE
r-devel-linux-x86_64-fedora-gcc 3.2-6 295.97 NOTE
r-devel-windows-x86_64 3.2-6 123.00 77.00 200.00 OK
r-patched-linux-x86_64 3.2-6 145.09 36.73 181.82 OK
r-release-linux-x86_64 3.2-6 156.02 37.47 193.49 OK
r-release-macos-arm64 3.2-6 58.00 NOTE
r-release-macos-x86_64 3.2-6 64.00 NOTE
r-release-windows-x86_64 3.2-6 159.00 85.00 244.00 OK
r-oldrel-macos-arm64 3.2-6 57.00 NOTE
r-oldrel-windows-x86_64 3.2-6 127.00 79.00 206.00 OK

Check Details

Version: 3.2-6
Check: dependencies in R code
Result: NOTE Namespace in Imports field not imported from: ‘Matrix’ All declared Imports should be used. Flavors: r-devel-linux-x86_64-fedora-clang, r-devel-linux-x86_64-fedora-gcc

Version: 3.2-6
Check: installed package size
Result: NOTE installed size is 7.0Mb sub-directories of 1Mb or more: libs 6.8Mb Flavors: r-release-macos-arm64, r-release-macos-x86_64, r-oldrel-macos-arm64