Last updated on 2023-02-03 07:53:09 CET.
Flavor | Version | Tinstall | Tcheck | Ttotal | Status | Flags |
---|---|---|---|---|---|---|
r-devel-linux-x86_64-debian-clang | 0.1.3 | 52.54 | 92.02 | 144.56 | OK | |
r-devel-linux-x86_64-debian-gcc | 0.1.3 | 40.25 | 66.20 | 106.45 | OK | |
r-devel-linux-x86_64-fedora-clang | 0.1.3 | 182.54 | OK | |||
r-devel-linux-x86_64-fedora-gcc | 0.1.3 | 202.13 | OK | |||
r-devel-windows-x86_64 | 0.1.3 | 57.00 | 156.00 | 213.00 | OK | |
r-patched-linux-x86_64 | 0.1.3 | 30.72 | 83.49 | 114.21 | OK | |
r-release-linux-x86_64 | 0.1.3 | 35.76 | 83.99 | 119.75 | OK | |
r-release-macos-arm64 | 0.1.3 | 43.00 | NOTE | |||
r-release-macos-x86_64 | 0.1.3 | 69.00 | NOTE | |||
r-release-windows-x86_64 | 0.1.3 | 55.00 | 162.00 | 217.00 | OK | |
r-oldrel-macos-arm64 | 0.1.3 | 44.00 | NOTE | |||
r-oldrel-macos-x86_64 | 0.1.3 | 72.00 | NOTE | |||
r-oldrel-windows-ix86+x86_64 | 0.1.3 | 113.00 | 190.00 | 303.00 | OK |
Version: 0.1.3
Check: installed package size
Result: NOTE
installed size is 5.5Mb
sub-directories of 1Mb or more:
libs 4.4Mb
Flavors: r-release-macos-arm64, r-release-macos-x86_64, r-oldrel-macos-arm64, r-oldrel-macos-x86_64