CRAN Package Check Results for Package PPQplan

Last updated on 2021-09-24 20:48:55 CEST.

Flavor Version Tinstall Tcheck Ttotal Status Flags
r-devel-linux-x86_64-debian-clang 1.1.0 8.14 136.06 144.20 NOTE
r-devel-linux-x86_64-debian-gcc 1.1.0 6.06 96.94 103.00 NOTE
r-devel-linux-x86_64-fedora-clang 1.1.0 184.54 NOTE
r-devel-linux-x86_64-fedora-gcc 1.1.0 175.26 NOTE
r-devel-windows-x86_64 1.1.0 12.00 129.00 141.00 NOTE
r-devel-windows-x86_64-gcc10-UCRT 1.1.0 NOTE
r-patched-linux-x86_64 1.1.0 7.55 128.37 135.92 NOTE
r-patched-solaris-x86 1.1.0 109.70 NOTE
r-release-linux-x86_64 1.1.0 6.80 126.75 133.55 NOTE
r-release-macos-arm64 1.1.0 NOTE
r-release-macos-x86_64 1.1.0 WARN
r-release-windows-ix86+x86_64 1.1.0 18.00 163.00 181.00 NOTE
r-oldrel-macos-x86_64 1.1.0 WARN
r-oldrel-windows-ix86+x86_64 1.1.0 13.00 112.00 125.00 NOTE

Check Details

Version: 1.1.0
Check: LazyData
Result: NOTE
     'LazyData' is specified without a 'data' directory
Flavors: r-devel-linux-x86_64-debian-clang, r-devel-linux-x86_64-debian-gcc, r-devel-linux-x86_64-fedora-clang, r-devel-linux-x86_64-fedora-gcc, r-devel-windows-x86_64, r-devel-windows-x86_64-gcc10-UCRT, r-patched-linux-x86_64, r-patched-solaris-x86, r-release-linux-x86_64, r-release-macos-arm64, r-release-macos-x86_64, r-release-windows-ix86+x86_64

Version: 1.1.0
Check: installed package size
Result: NOTE
     installed size is 12.1Mb
     sub-directories of 1Mb or more:
     doc 12.0Mb
Flavors: r-devel-linux-x86_64-fedora-clang, r-devel-windows-x86_64, r-patched-solaris-x86, r-release-macos-arm64, r-release-macos-x86_64, r-release-windows-ix86+x86_64, r-oldrel-macos-x86_64, r-oldrel-windows-ix86+x86_64

Version: 1.1.0
Check: re-building of vignette outputs
Result: WARN
    Error(s) in re-building vignettes:
     ...
    --- re-building ‘PPQnote.Rmd’ using rmarkdown
    Warning in engine$weave(file, quiet = quiet, encoding = enc) :
     Pandoc (>= 1.12.3) not available. Falling back to R Markdown v1.
    --- finished re-building ‘PPQnote.Rmd’
    
    --- re-building ‘PPQplan-vignette.Rmd’ using rmarkdown
    Warning in engine$weave(file, quiet = quiet, encoding = enc) :
     Pandoc (>= 1.12.3) not available. Falling back to R Markdown v1.
    Quitting from lines 130-131 (PPQplan-vignette.Rmd)
    Error: processing vignette 'PPQplan-vignette.Rmd' failed with diagnostics:
    invalid 'path' argument
    --- failed re-building ‘PPQplan-vignette.Rmd’
    
    SUMMARY: processing the following file failed:
     ‘PPQplan-vignette.Rmd’
    
    Error: Vignette re-building failed.
    Execution halted
Flavor: r-release-macos-x86_64

Version: 1.1.0
Check: re-building of vignette outputs
Result: WARN
    Error(s) in re-building vignettes:
     ...
    --- re-building ‘PPQnote.Rmd’ using rmarkdown
    Warning in engine$weave(file, quiet = quiet, encoding = enc) :
     Pandoc (>= 1.12.3) and/or pandoc-citeproc not available. Falling back to R Markdown v1.
    --- finished re-building ‘PPQnote.Rmd’
    
    --- re-building ‘PPQplan-vignette.Rmd’ using rmarkdown
    Warning in engine$weave(file, quiet = quiet, encoding = enc) :
     Pandoc (>= 1.12.3) and/or pandoc-citeproc not available. Falling back to R Markdown v1.
    Warning in normalizePath(f2) :
     path[1]="webshot15e404e0de3dd.png": No such file or directory
    Warning in file(con, "rb") :
     cannot open file 'webshot15e404e0de3dd.png': No such file or directory
    Quitting from lines 130-131 (PPQplan-vignette.Rmd)
    Error: processing vignette 'PPQplan-vignette.Rmd' failed with diagnostics:
    cannot open the connection
    --- failed re-building ‘PPQplan-vignette.Rmd’
    
    SUMMARY: processing the following file failed:
     ‘PPQplan-vignette.Rmd’
    
    Error: Vignette re-building failed.
    Execution halted
Flavor: r-oldrel-macos-x86_64