CRAN Package Check Results for Package POV

Last updated on 2021-09-20 20:48:58 CEST.

Flavor Version Tinstall Tcheck Ttotal Status Flags
r-devel-linux-x86_64-debian-clang 0.1.4 2.09 30.23 32.32 OK
r-devel-linux-x86_64-debian-gcc 0.1.4 1.75 23.35 25.10 OK
r-devel-linux-x86_64-fedora-clang 0.1.4 48.21 OK
r-devel-linux-x86_64-fedora-gcc 0.1.4 37.55 OK
r-devel-windows-x86_64 0.1.4 4.00 38.00 42.00 OK
r-devel-windows-x86_64-gcc10-UCRT 0.1.4 ERROR
r-patched-linux-x86_64 0.1.4 2.02 28.40 30.42 OK
r-patched-solaris-x86 0.1.4 55.60 OK
r-release-linux-x86_64 0.1.4 2.03 28.66 30.69 OK
r-release-macos-arm64 0.1.4 OK
r-release-macos-x86_64 0.1.4 OK
r-release-windows-ix86+x86_64 0.1.4 5.00 46.00 51.00 OK
r-oldrel-macos-x86_64 0.1.4 OK
r-oldrel-windows-ix86+x86_64 0.1.4 6.00 48.00 54.00 OK

Check Details

Version: 0.1.4
Check: whether package can be installed
Result: WARN
    Found the following significant warnings:
     WARNING: installation-time patches will not be applied, could not get the patches index
Flavor: r-devel-windows-x86_64-gcc10-UCRT

Version: 0.1.4
Check: PDF version of manual
Result: WARN
    LaTeX errors when creating PDF version.
    This typically indicates Rd problems.
Flavor: r-devel-windows-x86_64-gcc10-UCRT

Version: 0.1.4
Check: PDF version of manual without hyperrefs or index
Result: ERROR
    Re-running with no redirection of stdout/stderr.
Flavor: r-devel-windows-x86_64-gcc10-UCRT