CRAN Package Check Results for Package PLNmodels

Last updated on 2024-02-26 19:50:17 CET.

Flavor Version Tinstall Tcheck Ttotal Status Flags
r-devel-linux-x86_64-debian-clang 1.1.0 203.68 577.63 781.31 OK
r-devel-linux-x86_64-debian-gcc 1.1.0 164.24 412.86 577.10 OK
r-devel-linux-x86_64-fedora-clang 1.1.0 1013.29 OK
r-devel-linux-x86_64-fedora-gcc 1.1.0 969.13 OK
r-devel-windows-x86_64 1.1.0 149.00 457.00 606.00 OK
r-patched-linux-x86_64 1.1.0 168.08 539.16 707.24 OK
r-release-linux-x86_64 1.1.0 145.47 567.18 712.65 OK
r-release-macos-arm64 1.1.0 214.00 NOTE
r-release-macos-x86_64 1.1.0 470.00 NOTE
r-release-windows-x86_64 1.1.0 193.00 558.00 751.00 OK
r-oldrel-macos-arm64 1.1.0 244.00 NOTE
r-oldrel-windows-x86_64 1.1.0 185.00 589.00 774.00 OK

Check Details

Version: 1.1.0
Check: installed package size
Result: NOTE installed size is 12.9Mb sub-directories of 1Mb or more: doc 2.1Mb libs 9.5Mb Flavors: r-release-macos-arm64, r-release-macos-x86_64, r-oldrel-macos-arm64