CRAN Package Check Results for Package PCMBase

Last updated on 2021-09-18 20:52:03 CEST.

Flavor Version Tinstall Tcheck Ttotal Status Flags
r-devel-linux-x86_64-debian-clang 1.2.12 27.86 226.41 254.27 OK
r-devel-linux-x86_64-debian-gcc 1.2.12 20.87 165.33 186.20 OK
r-devel-linux-x86_64-fedora-clang 1.2.12 300.62 OK
r-devel-linux-x86_64-fedora-gcc 1.2.12 313.52 OK
r-devel-windows-x86_64 1.2.12 32.00 183.00 215.00 OK
r-devel-windows-x86_64-gcc10-UCRT 1.2.12 OK
r-patched-linux-x86_64 1.2.12 30.69 225.16 255.85 OK
r-patched-solaris-x86 1.2.12 343.70 OK
r-release-linux-x86_64 1.2.12 27.54 222.35 249.89 OK
r-release-macos-arm64 1.2.12 OK
r-release-macos-x86_64 1.2.12 WARN
r-release-windows-ix86+x86_64 1.2.12 51.00 258.00 309.00 OK
r-oldrel-macos-x86_64 1.2.12 WARN
r-oldrel-windows-ix86+x86_64 1.2.12 51.00 263.00 314.00 WARN

Check Details

Version: 1.2.12
Check: package dependencies
Result: NOTE
    Package suggested but not available for checking: ‘ggtree’
Flavors: r-release-macos-x86_64, r-oldrel-macos-x86_64

Version: 1.2.12
Check: re-building of vignette outputs
Result: WARN
    Error(s) in re-building vignettes:
    --- re-building ‘PCMBase.Rmd’ using rmarkdown
    Warning in engine$weave(file, quiet = quiet, encoding = enc) :
     Pandoc (>= 1.12.3) not available. Falling back to R Markdown v1.
    Failed with error: 'there is no package called 'ggtree''
    Quitting from lines 37-53 (PCMBase.Rmd)
    Error: processing vignette 'PCMBase.Rmd' failed with diagnostics:
    The ggtree installation did not succeed. The vignette cannot be built.
    --- failed re-building ‘PCMBase.Rmd’
    
    --- re-building ‘PCMCreateModel.Rmd’ using rmarkdown
    Warning in engine$weave(file, quiet = quiet, encoding = enc) :
     Pandoc (>= 1.12.3) not available. Falling back to R Markdown v1.
    Failed with error: 'there is no package called 'ggtree''
    Quitting from lines 37-54 (PCMCreateModel.Rmd)
    Error: processing vignette 'PCMCreateModel.Rmd' failed with diagnostics:
    The ggtree installation did not succeed. The vignette cannot be built.
    --- failed re-building ‘PCMCreateModel.Rmd’
    
    --- re-building ‘PCMParam.Rmd’ using rmarkdown
    Warning in engine$weave(file, quiet = quiet, encoding = enc) :
     Pandoc (>= 1.12.3) not available. Falling back to R Markdown v1.
    --- finished re-building ‘PCMParam.Rmd’
    
    --- re-building ‘PCMTracePruning.Rmd’ using rmarkdown
    Warning in engine$weave(file, quiet = quiet, encoding = enc) :
     Pandoc (>= 1.12.3) not available. Falling back to R Markdown v1.
    Failed with error: 'there is no package called 'ggtree''
    Quitting from lines 37-59 (PCMTracePruning.Rmd)
    Error: processing vignette 'PCMTracePruning.Rmd' failed with diagnostics:
    The ggtree installation did not succeed. The vignette cannot be built.
    --- failed re-building ‘PCMTracePruning.Rmd’
    
    SUMMARY: processing the following files failed:
     ‘PCMBase.Rmd’ ‘PCMCreateModel.Rmd’ ‘PCMTracePruning.Rmd’
    
    Error: Vignette re-building failed.
    Execution halted
Flavors: r-release-macos-x86_64, r-oldrel-macos-x86_64

Version: 1.2.12
Check: re-building of vignette outputs
Result: WARN
    Error(s) in re-building vignettes:
    --- re-building 'PCMBase.Rmd' using rmarkdown
    Quitting from lines 272-302 (PCMBase.Rmd)
    Error: processing vignette 'PCMBase.Rmd' failed with diagnostics:
    argument "caller_env" is missing, with no default
    --- failed re-building 'PCMBase.Rmd'
    
    --- re-building 'PCMCreateModel.Rmd' using rmarkdown
    Quitting from lines 356-386 (PCMCreateModel.Rmd)
    Error: processing vignette 'PCMCreateModel.Rmd' failed with diagnostics:
    argument "caller_env" is missing, with no default
    --- failed re-building 'PCMCreateModel.Rmd'
    
    --- re-building 'PCMParam.Rmd' using rmarkdown
    --- finished re-building 'PCMParam.Rmd'
    
    --- re-building 'PCMTracePruning.Rmd' using rmarkdown
    --- finished re-building 'PCMTracePruning.Rmd'
    
    SUMMARY: processing the following files failed:
     'PCMBase.Rmd' 'PCMCreateModel.Rmd'
    
    Error: Vignette re-building failed.
    Execution halted
Flavor: r-oldrel-windows-ix86+x86_64