CRAN Package Check Results for Package PCLassoReg

Last updated on 2025-01-24 19:48:35 CET.

Flavor Version Tinstall Tcheck Ttotal Status Flags
r-devel-linux-x86_64-debian-clang 1.0.0 6.03 95.50 101.53 OK
r-devel-linux-x86_64-debian-gcc 1.0.0 5.10 67.15 72.25 OK
r-devel-linux-x86_64-fedora-clang 1.0.0 162.28 NOTE
r-devel-linux-x86_64-fedora-gcc 1.0.0 167.04 NOTE
r-devel-windows-x86_64 1.0.0 8.00 106.00 114.00 OK
r-patched-linux-x86_64 1.0.0 6.82 86.19 93.01 OK
r-release-linux-x86_64 1.0.0 5.46 86.08 91.54 OK
r-release-macos-arm64 1.0.0 50.00 OK
r-release-macos-x86_64 1.0.0 82.00 OK
r-release-windows-x86_64 1.0.0 7.00 104.00 111.00 OK
r-oldrel-macos-arm64 1.0.0 57.00 OK
r-oldrel-macos-x86_64 1.0.0 88.00 OK
r-oldrel-windows-x86_64 1.0.0 9.00 129.00 138.00 OK

Check Details

Version: 1.0.0
Check: dependencies in R code
Result: NOTE Namespace in Imports field not imported from: ‘survival’ All declared Imports should be used. Flavors: r-devel-linux-x86_64-fedora-clang, r-devel-linux-x86_64-fedora-gcc